{"id":26,"date":"2017-01-15T14:12:24","date_gmt":"2017-01-15T14:12:24","guid":{"rendered":"http:\/\/ieomsociety.org\/ieom2018\/?page_id=26"},"modified":"2025-12-08T14:13:23","modified_gmt":"2025-12-08T14:13:23","slug":"committee","status":"publish","type":"page","link":"http:\/\/ieomsociety.org\/bangladesh2025\/committee\/","title":{"rendered":"Committee"},"content":{"rendered":"<h1 style=\"text-align: center;\"><strong><span style=\"color: #993300;\">Conference Committee<\/span><\/strong><\/h1>\n<hr \/>\n<h2><span style=\"color: #ff6600;\"><strong>Conference Leadership<\/strong><\/span><\/h2>\n<p><strong>Conference Chairs<\/strong><\/p>\n<ul>\n<li>Prof. Dr. Md. Mizanur Rahman, CEng, Professor, Mechatronics Engineering Department, World University of Bangladesh<\/li>\n<li>Dr. Ahad Ali, Associate Professor and Director of Industrial Engineering Program, Lawrence Technological University, Southfield, Michigan, USA and CEO, IEOM Society<\/li>\n<\/ul>\n<p><strong>Program Chair<\/strong><\/p>\n<ul>\n<li>Professor Don Reimer, Lawrence Technological University, Southfield, Michigan, USA<\/li>\n<\/ul>\n<p><strong>Technical Chairs<\/strong><\/p>\n<ul>\n<li>Professor Dr. Selim Ahmed Dean, Faculty of Business Studies, WUB.<\/li>\n<li>Professor Dr. Qamruzzaman, Dean, Faculty of Science and Engineering, WUB<\/li>\n<li>Prof. Md. Mamun Habib, Ph.D., Head, Department of Management, School of Business &amp; Entrepreneurship, Independent University, Bangladesh (IUB), Dhaka, Bangladesh<\/li>\n<\/ul>\n<p><strong>Conference Secretariat<\/strong><\/p>\n<ul>\n<li>Dr. Swapan Kumar Sarkar, Head, Department of Biomedical Science and Engineering, WUB<\/li>\n<li>Aqib Islam, IEOM Bangladesh Operations Director, IEOM Society International<\/li>\n<\/ul>\n<hr \/>\n<p><strong>Organizing Committee<\/strong><strong>\u00a0<\/strong><\/p>\n<ul>\n<li>Prof. Zaki Imam, Registrar World University of Bangladesh (WUB)<\/li>\n<li>Prof. Mokbul Hossain, Controller of Examination, WUB<\/li>\n<li>Karul Hossain, Joint Registrar, WUB<\/li>\n<li>Ahsan Milton, Joint Registrar, WUB<\/li>\n<li>Saiful Hanna, Joint Controller of Examination, WUB<\/li>\n<li>Maruf Ahmed, Deputy Registrar<\/li>\n<li>Monjur Mowlana, Sr. Deputy Director of Accounts<\/li>\n<li>Shafiqul Islam, Deputy Director of Accounts<\/li>\n<li>Md. Ahamudul Hasan Rubel, Jr. Assistant Registrar<\/li>\n<li>Abdullah Al Faisal. Sr. Administrative OfficerNazreen Saima, Jr. Deputy Registrar<\/li>\n<li>Shamima Rahman, Sr. Assistant Registrar<\/li>\n<li>Maruf Chowdhury, Jr. Deputy Registrar<\/li>\n<\/ul>\n<hr \/>\n<p><strong>Competition Committee<\/strong><\/p>\n<ul>\n<li>Undergraduate Student Paper Competition Chair: \u00a0\u00a0\u00a0\u00a0\u00a0\u00a0\u00a0\u00a0\u00a0\u00a0\u00a0\u00a0\u00a0\u00a0 Mustafizur Rahman, WUB<\/li>\n<li>Graduate Student Paper Competition Chair: \u00a0\u00a0\u00a0\u00a0\u00a0\u00a0\u00a0\u00a0\u00a0 Dr. Swapan Kumar Sarkar, WUB<\/li>\n<li>Doctoral Dissertation Competition Chair: \u00a0\u00a0\u00a0\u00a0\u00a0\u00a0\u00a0\u00a0\u00a0\u00a0\u00a0\u00a0\u00a0\u00a0 Prof Dr. Selim Ahmed, WUB<\/li>\n<li>Master\u2019s Thesis Competition Chair: \u00a0\u00a0\u00a0\u00a0\u00a0\u00a0\u00a0\u00a0\u00a0\u00a0\u00a0\u00a0\u00a0\u00a0\u00a0\u00a0\u00a0\u00a0\u00a0\u00a0\u00a0 Prof Dr. Mir Mohammad Azad, WUB<\/li>\n<li>Senior Design Project Competition Chair: \u00a0\u00a0\u00a0\u00a0\u00a0\u00a0\u00a0\u00a0\u00a0\u00a0\u00a0\u00a0 Prof. Dr. Md. Quamruzzaman, WUB<\/li>\n<li>Undergraduate Research Competition Chair:\u00a0\u00a0\u00a0\u00a0\u00a0\u00a0\u00a0\u00a0 Ms. Rumana Tasnim, WUB<\/li>\n<li>AI-ML Competition Chair: \u00a0\u00a0\u00a0\u00a0\u00a0\u00a0\u00a0\u00a0\u00a0\u00a0\u00a0\u00a0\u00a0\u00a0\u00a0\u00a0\u00a0\u00a0\u00a0\u00a0\u00a0\u00a0\u00a0\u00a0\u00a0\u00a0\u00a0\u00a0\u00a0\u00a0\u00a0\u00a0\u00a0\u00a0\u00a0\u00a0 Kazi H. Robin, WUB<\/li>\n<li>Human Factors and Ergo Competition Chair: \u00a0\u00a0\u00a0\u00a0\u00a0\u00a0\u00a0 Dr. Leevesh Kumar, WUB<\/li>\n<li>Simulation Competition Chair: \u00a0\u00a0\u00a0\u00a0\u00a0\u00a0\u00a0\u00a0\u00a0\u00a0\u00a0\u00a0\u00a0\u00a0\u00a0\u00a0\u00a0\u00a0\u00a0\u00a0\u00a0\u00a0\u00a0\u00a0\u00a0\u00a0\u00a0\u00a0\u00a0 Prof. Dr. Mohammad Shahed Hasan Khan, RUET<\/li>\n<li>High School STEM Competition Chair:\u00a0\u00a0 \u00a0\u00a0\u00a0\u00a0\u00a0\u00a0\u00a0\u00a0\u00a0\u00a0\u00a0\u00a0\u00a0\u00a0 Professor Don Reimer, Lawrence Tech University, Michigan<\/li>\n<li>Lean Six Sigma Competition Chair: \u00a0\u00a0\u00a0\u00a0\u00a0\u00a0\u00a0\u00a0\u00a0\u00a0\u00a0\u00a0\u00a0\u00a0\u00a0\u00a0\u00a0\u00a0\u00a0\u00a0\u00a0 Prof Dr. Selim Ahmed, WUB<\/li>\n<li>Supply Chain and Logistics Competition Chair: \u00a0\u00a0\u00a0\u00a0 Prof. Dr. Md Mamum Habib<\/li>\n<li>Global Design Competition Chair:\u00a0\u00a0\u00a0\u00a0\u00a0\u00a0\u00a0\u00a0\u00a0\u00a0\u00a0\u00a0\u00a0\u00a0\u00a0\u00a0\u00a0\u00a0\u00a0\u00a0\u00a0\u00a0\u00a0\u00a0 Farhan Mahbub, WUB<\/li>\n<li>Poster Competition Chair: \u00a0\u00a0\u00a0\u00a0\u00a0\u00a0\u00a0\u00a0\u00a0\u00a0\u00a0\u00a0\u00a0\u00a0\u00a0\u00a0\u00a0\u00a0\u00a0\u00a0\u00a0\u00a0\u00a0\u00a0\u00a0\u00a0\u00a0\u00a0\u00a0\u00a0\u00a0\u00a0\u00a0\u00a0\u00a0 Engr. Zahid Ahsan\u00a0\u00a0\u00a0\u00a0\u00a0\u00a0\u00a0\u00a0\u00a0\u00a0\u00a0\u00a0\u00a0\u00a0\u00a0\u00a0\u00a0\u00a0\u00a0\u00a0\u00a0\u00a0\u00a0\u00a0\u00a0\u00a0\u00a0\u00a0\u00a0\u00a0\u00a0\u00a0\u00a0\u00a0\u00a0\u00a0\u00a0\u00a0\u00a0\u00a0 \u2013<\/li>\n<\/ul>\n<hr \/>\n<p><strong>Advisory Committee<\/strong><strong>\u00a0<\/strong><\/p>\n<ul>\n<li>Prof. Dr. M. Nurul Islam, Pro\u2013 VC, World University of Bangladesh (WUB)<\/li>\n<li>Prof. Dr. Mohammad Mashud, ME, KUET<\/li>\n<li>Prof. Dr. Engr. Mostafizur Rahman, Northern University.<\/li>\n<\/ul>\n<hr \/>\n<p><strong>Program Committee<\/strong><strong>\u00a0<\/strong><\/p>\n<ul>\n<li>Prof. Dr. Selim Ahmed Dean, Faculty of Business Studies, WUB<\/li>\n<li>Prof Dr. Mir Mohammad Azad, Head, Department of CSE, WUB<\/li>\n<li>Prof Shawkut Ali Khan, Department of MTE, WUB<\/li>\n<li>Farham Mahbub, Head, Department of MTE, WUB<\/li>\n<li>Sagor Kumar Poddar, Head, CE, WUB<\/li>\n<li>Mustafizur Rahman, Head DTE, WUB<\/li>\n<li>Enamul Hoq, Department of MTE, WUB<\/li>\n<li>Shohel Rana, Department of MTE, WUB<\/li>\n<li>Mustafizur Rahman, Department of MTE, WUB<\/li>\n<li>Rumana Tasnin, Department of MTE, WUB<\/li>\n<li>Rezawan Us Salehin, Department of MTE, WUB<\/li>\n<li>Mashud Rana, Department of MTE, WUB<\/li>\n<\/ul>\n<hr \/>\n<p><strong>Faculty Advisors \u2013 IEOM Student Chapters in Bangladesh<\/strong><\/p>\n<ul>\n<li>AUST \u2013 Ahsanullah University of Science and Technology: Professor Dr Mohammad Sarwar Morshed and Mr. Sayem Ahmed<\/li>\n<li>BIM \u2013 Bangladesh Institute of Management: Dr. Engr. Md. Mamunur Rashid<\/li>\n<li>BUET \u2013 Bangladesh University of Engineering and Technology: Syed Mithun Ali and Dr. B. M. Mainul Bari<\/li>\n<li>BUTEX \u2013 Bangladesh University of Textiles: Mohammad Ali<\/li>\n<li>CU \u2013 Chittagong University: Dr. Mohammad Jalal Ahammad<\/li>\n<li>CUET \u2013 Chittagong University of Engineering &amp; Technology: Sanjeeb Roy<\/li>\n<li>DIU \u2013 Daffodil International University: Md. Mahbubul Haque and Md. Mominur Rahman<\/li>\n<li>DUET \u2013 Dhaka University of Engineering &amp; Technology: Professor Md. Anowar Hossain<\/li>\n<li>EUB \u2013 European University of Bangladesh: Dr. Abu Taher<\/li>\n<li>IIUC \u2013 International Islamic University of Chittagong: Dr. Mohammad Masrurul Mowla<\/li>\n<li>IUBAT \u2013 International University of Business Agriculture and Technology: Dr. Muhammad Hasibur Rashid Chayon<\/li>\n<li>JUST \u2013 Jessore University of Science and Technology: A. S. M. Mojahidul Hoque<\/li>\n<li>KU \u2013 Khulna University: Dr. Md. Haider Ali Biswas<\/li>\n<li>KUET \u2013 Khulna University of Engineering &amp; Technology: Professor Golam Kader<\/li>\n<li>MIST \u2013 Military Institute of Science and Technology: Shahriar Tanvir Alam<\/li>\n<li>NITER \u2013 National Institute of Textile Engineering and Research: Toufique Ahmed<\/li>\n<li>RU \u2013 Rajshahi University: Dr. Mohammed Harunor Rashid<\/li>\n<li>SUST \u2013 Shahjalal University of Science and Technology: Shanta Saha<\/li>\n<li>WUB \u2013 World University Bangladesh: Dr. Md. Mizanur Rahman<\/li>\n<li>BAUST \u2013 Bangladesh Army University of Science and Technology: Md. Ariful Alam<\/li>\n<li>AIUB- American International University-Bangladesh: Mahamudul Hassan<\/li>\n<li>BUFT \u2013 BGMEA University of Fashion &amp; Technology: Avijit Saha Asru<\/li>\n<li>IUB \u2013 Independent University, Bangladesh: Prof. Md. Mamun Habib, Ph.D., Ms. Farzana Chowdhury and Ms. Seeratus Sabah<\/li>\n<\/ul>\n<hr \/>\n<p><strong>Technical Committee<\/strong><strong>\u00a0<\/strong><\/p>\n<ul>\n<li>Dr.\u00a0 D. K. Banwet, IIT-Delhi, India<\/li>\n<li>Prof. Dr. Palash Chandra Karmaker, Gono Biswabidyalay<\/li>\n<li>Prof. Dr. Mohammad Shahed Hasan Khan, RUET<\/li>\n<li>Prof Dr Abdur Rafiq EEE, KUET<\/li>\n<li>Prof. Dr. Chu Chi Ming, UMS, Malaysia<\/li>\n<li>Prof. Dr. Ashraful Ghani Bhuiyan EEE, KUET<\/li>\n<li>Prof Dr. Abu Zakir Morshed CE, KUET<\/li>\n<li>Prof. Dr. Md. Saidur Rahman, Sunway University Malaysia<\/li>\n<li>Prof. Dr. Abul Kalam Azad, Australia<\/li>\n<li>Assoc. Prof. Dr. Mohd Suffian Misaran Misran, UMS, Malaysia<\/li>\n<li>Assoc. Prof. Dr. Mohammad Kamal, UMS Malaysia<\/li>\n<li>Assoc. Prof. Dr Homayun Kabir, CUET<\/li>\n<li>Muntasir Mustakin, Shahjalal University of Science and Technology, Sylhet<\/li>\n<\/ul>\n<table width=\"89%\">\n<tbody>\n<tr>\n<td width=\"20%\"><strong>First Name<\/strong><\/td>\n<td width=\"22%\"><strong>Last Name<\/strong><\/td>\n<td width=\"57%\"><strong>Affiliation<\/strong><\/td>\n<\/tr>\n<tr>\n<td width=\"20%\">Jeevan Kumar Goud<\/td>\n<td width=\"22%\">Bandharapu<\/td>\n<td width=\"57%\">Independent Researcher \/ Data Scientist<\/td>\n<\/tr>\n<tr>\n<td width=\"20%\">Raja<\/td>\n<td width=\"22%\">Manambedu Vijayakumar<\/td>\n<td width=\"57%\">Westcliff University<\/td>\n<\/tr>\n<tr>\n<td width=\"20%\">Sangat<\/td>\n<td width=\"22%\">Naik<\/td>\n<td width=\"57%\">ISRO<\/td>\n<\/tr>\n<tr>\n<td width=\"20%\">Istiaqe<\/td>\n<td width=\"22%\">Ahamed<\/td>\n<td width=\"57%\">Khulna University of Engineering &amp; Technology<\/td>\n<\/tr>\n<tr>\n<td width=\"20%\">Shibbir<\/td>\n<td width=\"22%\">Ahmad<\/td>\n<td width=\"57%\">DUET<\/td>\n<\/tr>\n<tr>\n<td width=\"20%\">Lailo<\/td>\n<td width=\"22%\">Akter<\/td>\n<td width=\"57%\">World University of Bangladesh<\/td>\n<\/tr>\n<tr>\n<td width=\"20%\">Parvej Rahman<\/td>\n<td width=\"22%\">Alif<\/td>\n<td width=\"57%\">Jashore University of Science and Technology<\/td>\n<\/tr>\n<tr>\n<td width=\"20%\">Jahid Hasan<\/td>\n<td width=\"22%\">Ashik<\/td>\n<td width=\"57%\">Khulna University of Engineering and Technology<\/td>\n<\/tr>\n<tr>\n<td width=\"20%\">Nusrat<\/td>\n<td width=\"22%\">Chowdhury<\/td>\n<td width=\"57%\">Bemidji State University<\/td>\n<\/tr>\n<tr>\n<td width=\"20%\">Dip<\/td>\n<td width=\"22%\">Das<\/td>\n<td width=\"57%\">World University of Bangladesh<\/td>\n<\/tr>\n<tr>\n<td width=\"20%\">MD Faiaz Zaman<\/td>\n<td width=\"22%\">Dehan<\/td>\n<td width=\"57%\">Khulna University Of Engineering &amp; Technology<\/td>\n<\/tr>\n<tr>\n<td width=\"20%\">Turjo Das<\/td>\n<td width=\"22%\">Dip<\/td>\n<td width=\"57%\">American International University-Bangladesh<\/td>\n<\/tr>\n<tr>\n<td width=\"20%\">Quazi Monjur<\/td>\n<td width=\"22%\">E-Elahi<\/td>\n<td width=\"57%\">Bangladesh University of Engineering &amp; Technology<\/td>\n<\/tr>\n<tr>\n<td width=\"20%\">Shahriar<\/td>\n<td width=\"22%\">Habib<\/td>\n<td width=\"57%\">Khulna University of Engineering &amp; Technology<\/td>\n<\/tr>\n<tr>\n<td width=\"20%\">A. H. M. Rezwanul<\/td>\n<td width=\"22%\">Haque<\/td>\n<td width=\"57%\">Help and Emergency Support Teams in Crisis (HESTIC)<\/td>\n<\/tr>\n<tr>\n<td width=\"20%\">Prof Md Alamgir<\/td>\n<td width=\"22%\">Hossain<\/td>\n<td width=\"57%\">BGMEA University of Fashion and Technology<\/td>\n<\/tr>\n<tr>\n<td width=\"20%\">Asir Mubasshir<\/td>\n<td width=\"22%\">Ishrak<\/td>\n<td width=\"57%\">military institute of science and technology<\/td>\n<\/tr>\n<tr>\n<td width=\"20%\">Ishat<\/td>\n<td width=\"22%\">Islam<\/td>\n<td width=\"57%\">Begum Rokeya University Rangpur<\/td>\n<\/tr>\n<tr>\n<td width=\"20%\">Kazi Irteza<\/td>\n<td width=\"22%\">Islam<\/td>\n<td width=\"57%\">Ahsanullah University of Science and Technology<\/td>\n<\/tr>\n<tr>\n<td width=\"20%\">Afshar Uddin<\/td>\n<td width=\"22%\">Jubayer<\/td>\n<td width=\"57%\">American International University &#8211; Bangladesh (AIUB)<\/td>\n<\/tr>\n<tr>\n<td width=\"20%\">Anup<\/td>\n<td width=\"22%\">Karmakar<\/td>\n<td width=\"57%\">Graduate Student, Khulna University of Engineering &amp; Technology (KUET)<\/td>\n<\/tr>\n<tr>\n<td width=\"20%\">Tejinder Singh<\/td>\n<td width=\"22%\">Lakhwani<\/td>\n<td width=\"57%\">IIT Jodhpur<\/td>\n<\/tr>\n<tr>\n<td width=\"20%\">Monon<\/td>\n<td width=\"22%\">Mahboob<\/td>\n<td width=\"57%\">American International University of Bangladesh<\/td>\n<\/tr>\n<tr>\n<td width=\"20%\">Md Shoaib<\/td>\n<td width=\"22%\">Mahmud<\/td>\n<td width=\"57%\">Military Institute of Science and Technology<\/td>\n<\/tr>\n<tr>\n<td width=\"20%\">Noureddine<\/td>\n<td width=\"22%\">Mesboua<\/td>\n<td width=\"57%\">Universit\u00e9 de Boumerdes, Alg\u00e9rie, A\u00efn Bessem, Algeria<\/td>\n<\/tr>\n<tr>\n<td width=\"20%\">A. K. Din<\/td>\n<td width=\"22%\">Mohammad<\/td>\n<td width=\"57%\">Jahangirnagar University<\/td>\n<\/tr>\n<tr>\n<td width=\"20%\">Md Sohanur<\/td>\n<td width=\"22%\">Rahman<\/td>\n<td width=\"57%\">RUET<\/td>\n<\/tr>\n<tr>\n<td width=\"20%\">Aniruddha<\/td>\n<td width=\"22%\">Roy Protya<\/td>\n<td width=\"57%\">Bangladesh University of Engineering &amp; Technology (BUET)<\/td>\n<\/tr>\n<tr>\n<td width=\"20%\">Marzan Kazi<\/td>\n<td width=\"22%\">Rubye<\/td>\n<td width=\"57%\">American International University-Bangladesh<\/td>\n<\/tr>\n<tr>\n<td width=\"20%\">Salman Ibrahim<\/td>\n<td width=\"22%\">Saad<\/td>\n<td width=\"57%\">Military Institute of Science and Technology<\/td>\n<\/tr>\n<tr>\n<td width=\"20%\">Mehedi Hasan<\/td>\n<td width=\"22%\">Santo<\/td>\n<td width=\"57%\">BGMEA University of Fashion &amp; Technology (BUFT)<\/td>\n<\/tr>\n<tr>\n<td width=\"20%\">Dongho<\/td>\n<td width=\"22%\">Shin<\/td>\n<td width=\"57%\">My Paul School<\/td>\n<\/tr>\n<tr>\n<td width=\"20%\">Samiur Rahman<\/td>\n<td width=\"22%\">Wasi<\/td>\n<td width=\"57%\">International Islamic University Chittagong<\/td>\n<\/tr>\n<tr>\n<td width=\"20%\">Nilufa<\/td>\n<td width=\"22%\">Yeasmin<\/td>\n<td width=\"57%\">Shahjalal University of Science and Technology<\/td>\n<\/tr>\n<tr>\n<td width=\"20%\">Miftaur Rahman<\/td>\n<td width=\"22%\">Zisan<\/td>\n<td width=\"57%\">Bangladesh University of Engineering and Technology<\/td>\n<\/tr>\n<tr>\n<td width=\"20%\">Md<\/td>\n<td width=\"22%\">Anisuzzaman<\/td>\n<td width=\"57%\">World University of Bangladesh<\/td>\n<\/tr>\n<tr>\n<td width=\"20%\">Nur<\/td>\n<td width=\"22%\">BESER<\/td>\n<td width=\"57%\">Marmara University<\/td>\n<\/tr>\n<tr>\n<td width=\"20%\">Sathya Amritha<\/td>\n<td width=\"22%\">Kannan<\/td>\n<td width=\"57%\">RLE Technologies Pvt Ltd<\/td>\n<\/tr>\n<tr>\n<td width=\"20%\">Leevesh<\/td>\n<td width=\"22%\">Kumar<\/td>\n<td width=\"57%\">World University of Bangladesh<\/td>\n<\/tr>\n<tr>\n<td width=\"20%\">Shrabon<\/td>\n<td width=\"22%\">Mitro<\/td>\n<td width=\"57%\">Rajshahi University of Engineering &amp; Technology<\/td>\n<\/tr>\n<tr>\n<td width=\"20%\">Md.Sourove Akther<\/td>\n<td width=\"22%\">Momin<\/td>\n<td width=\"57%\">Walton Hi-Tec. Ind. PLC. Bangladesh<\/td>\n<\/tr>\n<tr>\n<td width=\"20%\">Mosiur<\/td>\n<td width=\"22%\">Rahman<\/td>\n<td width=\"57%\">Bangladesh University of Engineering and Technology<\/td>\n<\/tr>\n<tr>\n<td width=\"20%\">Mohammad<\/td>\n<td width=\"22%\">Shbool<\/td>\n<td width=\"57%\">The University of Jordan<\/td>\n<\/tr>\n<tr>\n<td width=\"20%\">Suhaila<\/td>\n<td width=\"22%\">AlHashemi<\/td>\n<td width=\"57%\">SQU<\/td>\n<\/tr>\n<tr>\n<td width=\"20%\">Musfique-us-Salehin<\/td>\n<td width=\"22%\">Arnob<\/td>\n<td width=\"57%\">World University of Bangladesh<\/td>\n<\/tr>\n<tr>\n<td width=\"20%\">Khaj Mohammod<\/td>\n<td width=\"22%\">Riyad<\/td>\n<td width=\"57%\">BGMEA University of Fashion and Technology<\/td>\n<\/tr>\n<tr>\n<td width=\"20%\">Ovejite<\/td>\n<td width=\"22%\">Saha<\/td>\n<td width=\"57%\">World University of Bangladesh<\/td>\n<\/tr>\n<tr>\n<td width=\"20%\">Alfi<\/td>\n<td width=\"22%\">Shahriar<\/td>\n<td width=\"57%\">MGH Group<\/td>\n<\/tr>\n<tr>\n<td width=\"20%\">Saiful Islam<\/td>\n<td width=\"22%\">Shakil<\/td>\n<td width=\"57%\">RUET<\/td>\n<\/tr>\n<\/tbody>\n<\/table>\n<p>&nbsp;<\/p>\n<p>&nbsp;<\/p>\n","protected":false},"excerpt":{"rendered":"<p>Conference Committee Conference Leadership Conference Chairs Prof. Dr. Md. Mizanur Rahman, CEng, Professor, Mechatronics Engineering Department, World University of Bangladesh Dr. Ahad Ali, Associate Professor and Director of Industrial Engineering Program, Lawrence Technological University, Southfield, Michigan, USA and CEO, IEOM Society Program Chair Professor Don Reimer, Lawrence Technological University, Southfield, Michigan, USA Technical Chairs Professor [&hellip;]<\/p>\n","protected":false},"author":1,"featured_media":0,"parent":0,"menu_order":0,"comment_status":"closed","ping_status":"closed","template":"","meta":{"footnotes":""},"class_list":["post-26","page","type-page","status-publish","hentry"],"_links":{"self":[{"href":"http:\/\/ieomsociety.org\/bangladesh2025\/wp-json\/wp\/v2\/pages\/26","targetHints":{"allow":["GET"]}}],"collection":[{"href":"http:\/\/ieomsociety.org\/bangladesh2025\/wp-json\/wp\/v2\/pages"}],"about":[{"href":"http:\/\/ieomsociety.org\/bangladesh2025\/wp-json\/wp\/v2\/types\/page"}],"author":[{"embeddable":true,"href":"http:\/\/ieomsociety.org\/bangladesh2025\/wp-json\/wp\/v2\/users\/1"}],"replies":[{"embeddable":true,"href":"http:\/\/ieomsociety.org\/bangladesh2025\/wp-json\/wp\/v2\/comments?post=26"}],"version-history":[{"count":124,"href":"http:\/\/ieomsociety.org\/bangladesh2025\/wp-json\/wp\/v2\/pages\/26\/revisions"}],"predecessor-version":[{"id":1918,"href":"http:\/\/ieomsociety.org\/bangladesh2025\/wp-json\/wp\/v2\/pages\/26\/revisions\/1918"}],"wp:attachment":[{"href":"http:\/\/ieomsociety.org\/bangladesh2025\/wp-json\/wp\/v2\/media?parent=26"}],"curies":[{"name":"wp","href":"https:\/\/api.w.org\/{rel}","templated":true}]}}