{"id":22,"date":"2016-05-22T18:10:58","date_gmt":"2016-05-22T18:10:58","guid":{"rendered":"http:\/\/ieomsociety.org\/bogota2017\/?page_id=22"},"modified":"2017-10-29T11:57:45","modified_gmt":"2017-10-29T11:57:45","slug":"committee","status":"publish","type":"page","link":"http:\/\/ieomsociety.org\/bogota2017\/committee\/","title":{"rendered":"Committee"},"content":{"rendered":"<h1 style=\"text-align: center;\"><span style=\"color: #993300;\"><strong>Committee &#8211; IEOM 2017 Bogota<\/strong><\/span><\/h1>\n<hr \/>\n<p><strong><span style=\"color: #008000;\">Conference Chairs:<\/span><\/strong><\/p>\n<p style=\"padding-left: 30px;\"><span style=\"color: #000000;\"><strong>Dr. Ahad Ali, <\/strong>Lawrence Technological University, Southfield, Michigan, USA<strong><br \/>\nSandra Milena Chacon Sanchez<\/strong><\/span><span style=\"color: #000000;\"><strong>, <\/strong>Universidad del Rosario, <\/span><span style=\"color: #000000;\">Bogota, Colombia<\/span><\/p>\n<p><span style=\"color: #008000;\"><strong>Technical Chairs<\/strong><\/span><\/p>\n<p style=\"padding-left: 30px;\"><strong>Professor Carlos Franco, <\/strong>School of Management, University del Rosario, Bogota, Colombia<strong><br \/>\nProfessor Victor Jaime Garcia Urdaneta,<\/strong> Universidad del Rosario, Bogota, Colombia<\/p>\n<p><span style=\"color: #008000;\"><span style=\"color: #008000;\"><strong>Global Engineering Education Chairs<\/strong><\/span><\/span><\/p>\n<p style=\"padding-left: 30px;\"><strong>Dr. Abu Masud,<\/strong> Boeing Global Engineering Professor, Industrial and Manufacturing Engineering Department, Wichita State University, Kansas, USA<br \/>\n<strong>Dr. Hamid Parsaei,<\/strong> Professor of Industrial and Systems Engineering, Texas A&amp;M University (College Station) and Director of Academic Outreach \u2013 Texas A&amp;M University, Qatar<\/p>\n<p><span style=\"color: #008000;\"><strong>Program Chair<\/strong><\/span><\/p>\n<p style=\"padding-left: 30px;\"><strong>Dr. Mohammed Khadem,<\/strong> Sultan Qaboos University, Oman<\/p>\n<p><span style=\"color: #008000;\"><strong>Publication Chair<\/strong><\/span><\/p>\n<p style=\"padding-left: 30px;\"><strong>Dr. Anwar Rahman,<\/strong> Central Connecticut State University, USA<\/p>\n<p><span style=\"color: #008000;\"><strong>Student Chair<\/strong><\/span><\/p>\n<p style=\"padding-left: 30px;\"><strong>Valeria Mendoza Cortes,<\/strong> Universidad del Rosario, Bogota, Colombia<span style=\"color: #993300;\"><strong>\u00a0<\/strong><\/span><\/p>\n<hr \/>\n<h3><span style=\"color: #993300;\"><strong>Regional Academic Committee<\/strong><\/span><\/h3>\n<p style=\"padding-left: 30px;\"><span style=\"color: #333333; font-family: 'Times New Roman',serif;\">Dr. Sepideh Abolghasem, Department of Industrial Engineering, <\/span><span style=\"color: #ff6600;\"><span style=\"color: #ff6600; font-family: 'Times New Roman',serif;\">Universidad de los Andes<\/span><\/span><span style=\"color: #333333; font-family: 'Times New Roman',serif;\">, Bogot\u00e1, Colombia<br \/>\nDr. Igor Bello, Human Factors and Ergonomics Cathedra, <\/span><span style=\"color: #ff6600;\"><span style=\"color: #ff6600; font-family: 'Times New Roman',serif;\">Universidad Simon Bolivar,<\/span><\/span><span style=\"color: #333333; font-family: 'Times New Roman',serif;\"> Caracas, Miranda, Venezuela<br \/>\nDr. Susana Boeykens, Faculty of Engineering, <\/span><span style=\"color: #ff6600;\"><span style=\"color: #ff6600; font-family: 'Times New Roman',serif;\">University of Buenos Aires<\/span><\/span><span style=\"color: #333333; font-family: 'Times New Roman',serif;\">, Argentina<br \/>\nDr. Eldon Glen Caldwell, <\/span><span style=\"color: #ff6600;\"><span style=\"color: #ff6600; font-family: 'Times New Roman',serif;\">University of Costa Rica<\/span><\/span><span style=\"color: #333333; font-family: 'Times New Roman',serif;\"><br \/>\nDr. Jos\u00e9 R. Deliz \u00c1lvarez, <\/span><span style=\"color: #ff6600;\"><span style=\"color: #ff6600; font-family: 'Times New Roman',serif;\">Universidad del Turabo<\/span><\/span><span style=\"color: #333333; font-family: 'Times New Roman',serif;\">, Puerto Rico<br \/>\nVladimir Robles Bykbaev, <\/span><span style=\"color: #ff6600;\"><span style=\"color: #ff6600; font-family: 'Times New Roman',serif;\">Universidad Polit\u00e9cnica Salesiana<\/span><\/span><span style=\"color: #333333; font-family: 'Times New Roman',serif;\">, Cuenca, Ecuador<br \/>\nDr. Nubia Velasco, <\/span><span style=\"color: #ff6600;\"><span style=\"color: #ff6600; font-family: 'Times New Roman',serif;\">Universidad de los Andes<\/span><\/span><span style=\"color: #333333; font-family: 'Times New Roman',serif;\">, Colombia<br \/>\n<span style=\"font-family: 'Times New Roman',serif;\"><span style=\"color: #000000;\">Dr. Wilson Adarme Jaimes, <span style=\"color: #ff6600;\">Universidad Nacional de Colombia (UNAL),<\/span> Bogota, Colombia<br \/>\n<span style=\"font-family: 'Times New Roman',serif;\"><span style=\"color: #000000;\">Dr. Jose Ismael Pe\u00f1aa, <span style=\"color: #ff6600;\">Universidad Nacional de Colombia (UNAL),<\/span> Bogota, Colombia<br \/>\n<span style=\"color: #333333; font-family: 'Times New Roman',serif;\"><span style=\"color: #333333; font-family: 'Times New Roman',serif;\">\u00a0Dr. Bernardo Villarreal, <\/span><span style=\"color: #ff6600;\"><span style=\"color: #ff6600; font-family: 'Times New Roman',serif;\">Universidad de Monterrey<\/span><\/span><span style=\"color: #333333; font-family: 'Times New Roman',serif;\">, Mexico<br \/>\nDr. Ing. Humberto R. \u00c1lvarez A., <\/span><span style=\"color: #ff6600;\"><span style=\"color: #ff6600; font-family: 'Times New Roman',serif;\">Universidad Tecnol\u00f3gica de Panam\u00e1<\/span><\/span><span style=\"color: #333333; font-family: 'Times New Roman',serif;\">, Panama<br \/>\nDr. Cristian Rusu,<\/span><span style=\"color: #ff6600;\"><span style=\"color: #ff6600; font-family: 'Times New Roman',serif;\"> Pontificia Universidad Catolica de Valparaiso<\/span><\/span><span style=\"color: #333333; font-family: 'Times New Roman',serif;\">, Chile<br \/>\nDr. Victor Esteves, <\/span><span style=\"color: #ff6600;\"><span style=\"color: #ff6600; font-family: 'Times New Roman',serif;\">Federal University of Rio de Janeiro<\/span><\/span><span style=\"color: #333333; font-family: 'Times New Roman',serif;\">, Brazil<br \/>\nDr. Chiappetta Jabbour Charbel Jose, <\/span><span style=\"color: #ff6600;\"><span style=\"color: #ff6600; font-family: 'Times New Roman',serif;\">University of S\u00e3o Paulo<\/span><\/span><span style=\"color: #333333; font-family: 'Times New Roman',serif;\">, S\u00e3o Paulo, Brazil \/ University of Stirling, Scotland, UK<br \/>\n<\/span><span style=\"color: black; font-family: 'Times New Roman',serif;\"><span style=\"color: #000000;\"><span style=\"font-family: 'Times New Roman',serif;\">Dr. Eduyn Lopez Santana, <span style=\"color: #ff6600; font-family: 'Times New Roman',serif;\">Universidad Distrital Francisco Jos\u00e9 de Caldas, Colombia<\/span><\/span><br \/>\n<\/span><span style=\"font-family: 'Times New Roman',serif;\"><span style=\"color: #000000;\">Dr. Germ\u00e1n Mendez Giraldo, <span style=\"color: #ff6600; font-family: 'Times New Roman',serif;\">Universidad Distrital Francisco Jos\u00e9 de Caldas,<\/span><\/span> Colombia<br \/>\n<\/span><span style=\"font-family: 'Times New Roman',serif;\"><span style=\"color: #000000;\">Dr. Lindsay \u00c1lvarez Pomar, <span style=\"color: #ff6600; font-family: 'Times New Roman',serif;\">Universidad Distrital Francisco Jos\u00e9 de Caldas,<\/span><\/span> Colombia<br \/>\n<\/span><span style=\"font-family: 'Times New Roman',serif;\"><span style=\"color: #000000;\">Dr. Juan Carlos Figueroa Garc\u00eda, <span style=\"color: #ff6600; font-family: 'Times New Roman',serif;\">Universidad Distrital Francisco Jos\u00e9 de Caldas,<\/span><\/span> Colombia<br \/>\n<\/span><span style=\"font-family: 'Times New Roman',serif;\"><span style=\"color: #000000;\">Dr. Juan Guillermo Villegar, <span style=\"color: #ff6600; font-family: 'Times New Roman',serif;\">Universidad de Antioquia,<\/span><\/span> Colombia<br \/>\n<\/span><span style=\"font-family: 'Times New Roman',serif;\"><span style=\"color: #000000;\">Dr. Gabriel Mauricio Zambrano Rey, <span style=\"color: #ff6600; font-family: 'Times New Roman',serif;\">Pontificia Universidad Javeriana,<\/span><\/span> Colombia<br \/>\n<\/span><span style=\"font-family: 'Times New Roman',serif;\"><span style=\"color: #000000;\">Dr. Edgar Hern\u00e1n Alfonso Lizarazo, <span style=\"color: #ff6600; font-family: 'Times New Roman',serif;\">Universidad de la Sabana,<\/span><\/span> Colombia<br \/>\n<\/span><span style=\"font-family: 'Times New Roman',serif;\"><span style=\"color: #000000;\">Dr. Jaime Andr\u00e9s Casta\u00f1eda, <span style=\"color: #ff6600; font-family: 'Times New Roman',serif;\">Universidad del Rosario,<\/span><\/span> Colombia<br \/>\n<\/span><\/span><span style=\"font-family: 'Times New Roman',serif;\"><span style=\"color: #000000;\">Dr. Nubia Velasco, Management School, <span style=\"color: #ff6600;\">Universidad de los Andes<\/span>, Bogota, Colombia<\/span><\/span><\/span><\/span><\/span><\/span><\/span><\/span><strong><br \/>\n<\/strong><\/p>\n<hr \/>\n<h3><strong><span style=\"color: #993300;\">Technical Committee<\/span> <\/strong><\/h3>\n<p style=\"padding-left: 30px;\">Dr. William Javier Guerrero Rueda, Universidad de la Sabana, Colombia<br \/>\nDr. Olufemi Adetunji, University of Pretoria, Pretoria, South Africa<br \/>\nDr. Joseph I. Ajiri, South University, Novi, Michigan, USA<br \/>\nDr. Mohsen Alardhi, College of Technological Studies, Kuwait<br \/>\nDr. Hesham K. Alfares, King Fahd University of Petroleum &amp; Minerals (KFUPM), Saudi Arabia<br \/>\nDr. Farouq Alhourani, University of Tampa, Florida, USA<br \/>\nDr. Jos\u00e9 R. Deliz \u00c1lvarez, Universidad del Turabo, Puerto Rico<br \/>\nDr. Soroor Alkhafaji, Baghdad University, Iraq<br \/>\nDr. Behrooz Arbabshirani, Isfahan University of Technology, Iran<br \/>\nDr. Fatemeh Almasi, Amirkabir University of Technology (Tehran Polytechnic), Iran<br \/>\nDr. D. K. Banwet, IIT-Delhi, India<br \/>\nVladimir Robles Bykbaev, Universidad Polit\u00e9cnica Salesiana, Cuenca, Ecuador<br \/>\nDr. Omar Ghrayeb \u2013 Northern Illinois University, USA<br \/>\nDr. Kannan Govindan, University of Southern Denmark, Denmark<br \/>\nDr. Maruf Hasan, University of New South Wales, Australia<br \/>\nDr. Ahmed Kadhim Hussein, Babylon University, Babylon City, Hilla, Iraq<br \/>\nDr. Ajay Joneja, Hong Kong University of Science and Technology<br \/>\nDr. Murat Kucukvar, Istanbul Sehir University, Turkey<br \/>\nDr. Anand Kumar, M.S. Engineering College, Navarathna Agrahara, Bangalore, Karnataka, India<br \/>\nDr. Muammer Koc, Istanbul Sehir University, Turkey<br \/>\nDr. Vladimir Modrak, Technical University of Ko\u0161ice, Slovakia<br \/>\nDr. Yunos Ngadiman, Universiti Tun Hussein Onn Malaysia, Johor, Malaysia<br \/>\nDr. Galia Novakova, Sofia University, Sofia, Bulgaria<br \/>\nDr. Celestine A Ntuen, North Carolina A&amp;T State University, USA<br \/>\nDr. Kamran Paynabar, Georgia Institute of Technology, Atlanta, GA, USA<br \/>\nDr. Kit Fai Pun, University of the West Indies, St Augustine Campus, Trinidad &amp; Tobago, West Indies<br \/>\nDr. Kutub Uddin, Khulna University of Engineering &amp; Tech, Bangladesh<br \/>\nDr. Sarder E. Sadique, Marshall University, Huntington, WV, USA<br \/>\nDr. Sushil K. Shetty Wilsonart LLC, Temple, Texas, USA<br \/>\nDr. Seema Singh, Delhi Technological University, India<br \/>\nMr. Peter M. Tase, Latin American and Caribbean Consortium of Engineering Institute (LACCEI)<br \/>\nDr. Nubia Velasco, Universidad de los Andes, Colombia<br \/>\nDr. Li Xu, Old Dominion University, USA<strong><br \/>\n<\/strong><\/p>\n<hr \/>\n<h3><span style=\"color: #993300;\"><strong>Advisory Committee<\/strong><\/span><\/h3>\n<p style=\"padding-left: 30px;\">Dr. Ing. Humberto R. \u00c1lvarez A., Universidad Tecnol\u00f3gica de Panam\u00e1, Panama<br \/>\nDr. Nadia Bhuiyan, Concordia University, Montreal, Quebec, Canada<br \/>\nDr. Eldon Glen Caldwell, University of Costa Rica<br \/>\nDr. Srinivas R. Chakravarthy, Kettering University, Flint, MI, USA<br \/>\nDr. Wei Tong Chen, National Yunlin University of Science and Technology (YunTech), Touliu, Taiwan<br \/>\nDr. Robert de Souza, National University of Singapore<br \/>\nDr. Victor Esteves, Federal University of Rio de Janeiro, Brazil<br \/>\nDr. Funso Falade, Professor at University of Lagos, Nigeria and President, African Engineering Education Association<br \/>\nDr. Emilio Insfran, Universitat Polit\u00e8cnica de Val\u00e8ncia, Spain<br \/>\nDr. Arun Kumar, RMIT University, Melbourne, Australia<br \/>\nDr. Charles Mbohwa, University of Johannesburg, South Africa<br \/>\nDr. Eui Park, North Carolina A&amp;T State University, USA<br \/>\nDr. Abdur Rahim, University of New Brunswick \u2013 Fredericton, Canada<br \/>\nDr. Cristian Rusu, Pontificia Universidad Catolica de Valparaiso, Chile<br \/>\nDr. Hamid Seifoddini, University of Wisconsin \u2013 Milwaukee, USA<br \/>\nDr. Devdas Shetty, University of District of Colombia, USA<br \/>\nDr. S P Sarmah, IIT-Kharagpur, India<br \/>\nDr. Rosemary Seva, De La Salle University, Manila, Philippine<br \/>\nDr. Ing Eckart Uhlmann, Fraunhofer-Institute for Production Systems and Design Technology IPK, Germany<br \/>\nDr. Bernardo Villarreal, Universidad de Monterrey, Mexico<br \/>\nDr. Rushan Ziatdinov, Department of Industrial &amp; Management Engineering, Keimyung University, Daegu, South Korea<\/p>\n<hr \/>\n<h3><strong><span style=\"color: #993300;\">IEOM Support Committee<\/span> <\/strong><\/h3>\n<p style=\"padding-left: 30px;\">Dr. Akand Islam, Chief Operations Officer, IEOM Society International<br \/>\nDr. Taufiqul Islam, IEOM Conference Secretariat<br \/>\nDr. M. Khadem, Sultan\u00a0Qaboos University, Oman<br \/>\nProf. Don Reimer, Lawrence Technological University, USA<br \/>\nDr. Abdur Rahim, University of New Brunswick at Fredericton, Canada<\/p>\n","protected":false},"excerpt":{"rendered":"<p>Committee &#8211; IEOM 2017 Bogota Conference Chairs: Dr. Ahad Ali, Lawrence Technological University, Southfield, Michigan, USA Sandra Milena Chacon Sanchez, Universidad del Rosario, Bogota, Colombia Technical Chairs Professor Carlos Franco, School of Management, University del Rosario, Bogota, Colombia Professor Victor Jaime Garcia Urdaneta, Universidad del Rosario, Bogota, Colombia Global Engineering Education Chairs Dr. Abu Masud, [&hellip;]<\/p>\n","protected":false},"author":1,"featured_media":0,"parent":0,"menu_order":0,"comment_status":"closed","ping_status":"closed","template":"","meta":{"footnotes":""},"class_list":["post-22","page","type-page","status-publish","hentry"],"_links":{"self":[{"href":"http:\/\/ieomsociety.org\/bogota2017\/wp-json\/wp\/v2\/pages\/22"}],"collection":[{"href":"http:\/\/ieomsociety.org\/bogota2017\/wp-json\/wp\/v2\/pages"}],"about":[{"href":"http:\/\/ieomsociety.org\/bogota2017\/wp-json\/wp\/v2\/types\/page"}],"author":[{"embeddable":true,"href":"http:\/\/ieomsociety.org\/bogota2017\/wp-json\/wp\/v2\/users\/1"}],"replies":[{"embeddable":true,"href":"http:\/\/ieomsociety.org\/bogota2017\/wp-json\/wp\/v2\/comments?post=22"}],"version-history":[{"count":29,"href":"http:\/\/ieomsociety.org\/bogota2017\/wp-json\/wp\/v2\/pages\/22\/revisions"}],"predecessor-version":[{"id":456,"href":"http:\/\/ieomsociety.org\/bogota2017\/wp-json\/wp\/v2\/pages\/22\/revisions\/456"}],"wp:attachment":[{"href":"http:\/\/ieomsociety.org\/bogota2017\/wp-json\/wp\/v2\/media?parent=22"}],"curies":[{"name":"wp","href":"https:\/\/api.w.org\/{rel}","templated":true}]}}