{"id":2087,"date":"2022-01-20T13:57:17","date_gmt":"2022-01-20T13:57:17","guid":{"rendered":"http:\/\/ieomsociety.org\/istanbul2022\/?page_id=2087"},"modified":"2022-03-06T12:07:07","modified_gmt":"2022-03-06T12:07:07","slug":"tutorials","status":"publish","type":"page","link":"http:\/\/ieomsociety.org\/istanbul2022\/tutorials\/","title":{"rendered":"Tutorials"},"content":{"rendered":"<h2 style=\"text-align: center;\"><strong><span style=\"color: #ff6600;\">Tutorial 1:<\/span><\/strong><\/h2>\n<h2 style=\"text-align: center;\"><strong>Graph Analytics<br \/>\n<\/strong>by Dr. G\u00fcrdal Ertek of United Arab Emirates University<\/h2>\n<p>1:30 &#8211; 2:45 pm, Monday, March 7, 2022 &#8211; Virtual Room 6<\/p>\n<p>Graphs are used extensively to represent systems composed of interconnected elements\/components. Production sequences, project plans, social networks, maps, the Internet, and many other systems can be represented as graphs. Graphs consist of nodes and edges, where the nodes represent the system\u2019s components and the edges represent the relationships between these components. Graph analytics is the cross-disciplinary field that deals with the modeling and analysis of graphs to reveal the hidden patterns, relationships, and connections between data. This tutorial will provide a practical introduction to graph analytics, including graph metrics and graph layout methods.<\/p>\n<p><strong>Speaker Bio<\/strong><\/p>\n<p><img loading=\"lazy\" decoding=\"async\" class=\"wp-image-2097 alignleft\" src=\"http:\/\/ieomsociety.org\/istanbul2022\/wp-content\/uploads\/2022\/01\/Gurdal-Ertek.jpg\" alt=\"\" width=\"223\" height=\"223\" srcset=\"http:\/\/ieomsociety.org\/istanbul2022\/wp-content\/uploads\/2022\/01\/Gurdal-Ertek.jpg 477w, http:\/\/ieomsociety.org\/istanbul2022\/wp-content\/uploads\/2022\/01\/Gurdal-Ertek-300x300.jpg 300w, http:\/\/ieomsociety.org\/istanbul2022\/wp-content\/uploads\/2022\/01\/Gurdal-Ertek-150x150.jpg 150w, http:\/\/ieomsociety.org\/istanbul2022\/wp-content\/uploads\/2022\/01\/Gurdal-Ertek-195x195.jpg 195w, http:\/\/ieomsociety.org\/istanbul2022\/wp-content\/uploads\/2022\/01\/Gurdal-Ertek-130x130.jpg 130w, http:\/\/ieomsociety.org\/istanbul2022\/wp-content\/uploads\/2022\/01\/Gurdal-Ertek-70x70.jpg 70w, http:\/\/ieomsociety.org\/istanbul2022\/wp-content\/uploads\/2022\/01\/Gurdal-Ertek-45x45.jpg 45w\" sizes=\"(max-width: 223px) 100vw, 223px\" \/><\/p>\n<h3><strong>Dr. G\u00fcrdal Ertek<br \/>\n<\/strong>Associate Professor<br \/>\nManagement Department of Analytics in the Digital Era<br \/>\nUAE University (UAEU)<br \/>\nAl Ain, UAE<\/h3>\n<p><strong>Dr. G\u00fcrdal Ertek<\/strong> is an Associate Professor at UAE University (UAEU), Al Ain, UAE. He received his Ph.D. from Georgia Institute of Technology, Atlanta, GA, in 2001. Dr. Ertek served in educational and research organizations in Turkey, USA, Singapore, Kuwait and UAE, as well as an on-site reviewer for 50+ industrial R&amp;D projects. His research and teaching areas include business analytics, applied data science, blockchain, supply chain management, project management, and R&amp;D management.<\/p>\n<hr \/>\n<h2 style=\"text-align: center;\"><strong>Tutorial 2:<\/strong><\/h2>\n<h2 style=\"text-align: center;\"><strong><span style=\"color: #0000ff;\">From Data to Value<br \/>\n<\/span><\/strong>by Dr. Kemal K\u0131l\u0131\u00e7 of Sabanc\u0131 University<\/h2>\n<p style=\"text-align: center;\">11:00 am &#8211; 12:15 pm, Monday, March 7, 2022 &#8211; Virtual Room 6<\/p>\n<p>With the spread of digital transformation in every aspect of our lives, autonomous agents that make decisions based on data become more visible in business life. Data analytics, particularly prescriptive data analytics, is the term that is used to refer to the techniques and approaches that enable these autonomous agents to initiate an action that yields value based on the available data. Prescriptive data analytics is a two-phase process: the first phase is where the <em>meaning is given to the data<\/em>, i.e., the information hidden inside the data is revealed and brought to the surface, and the second phase is where the decisions are made based on the information attained as the result of the first phase. During the first phase, various techniques and methods are used from different fields such as statistics, visualization, machine learning. The second phase, i.e., the decision-making phase mostly relies on optimization, simulation, etc. Recently, prescriptive data analytic solutions for various business domains such as operations\/supply chain, manufacturing, marketing, finance, human resources, etc., are being developed. The tutorial will introduce the fundamental terminology and later provide some use cases and best practices where prescriptive data analytics create value for various business domains.<\/p>\n<hr \/>\n<h2 style=\"text-align: center;\"><strong><span style=\"color: #ff6600;\">Tutorial 3:<\/span><br \/>\n<span style=\"color: #0000ff;\">Innovation Practices <\/span><br \/>\n<\/strong>by Dr. Kemal K\u0131l\u0131\u00e7 of Sabanc\u0131 University<\/h2>\n<p style=\"text-align: center;\">12:15 &#8211; 1:30 pm, Monday, March 7, 2022 &#8211; Virtual Room 6<\/p>\n<p>Digital transformation is creating an ecosystem with unprecedented volatility, uncertainty, complexity, and ambiguity, which is usually referred to as the <em>VUCA world<\/em>. Making the right decision is hard, but in VUCA, it is even more challenging. Humans usually rely on their intuitions (i.e., knowledge based on experience, clinical judgment, etc.), or sometimes prefer analytical models that are based on evidence while making decisions in their daily routines, i.e., in environments that can be considered deterministic or under risk (i.e., <em>known unknowns<\/em>). However, in an environment that is out of their comfort zone, e.g., where the <em>unknowns are unknown<\/em>, relying on either end of the spectrum (intuition or analytical models) has inherent problems and biases. Thus, in such environments, we usually rely on a hybrid approach, referred to as Disciplined Intuition by Daniel Kahneman. On the other hand, the entrepreneurs\u2019 and innovation teams\u2019 daily routines are all about making decisions in unchartered territories of the unknown unknowns. Innovation Practices, namely, Design Thinking (DT) and the Lean Startup (LS), seem to be the guides of the successful entrepreneurs and innovation teams in their journeys. In this tutorial, we are going to introduce the basics of both DT &amp; LS (i.e., the history, the process, the toolbox, and the philosophy) to create awareness among the participants and discuss how they can be incorporated into the process of disciplined intuition, which seems to be a necessary skill to succeed in VUCA world.<\/p>\n<p>Speaker Bio<\/p>\n<h3><span style=\"color: #ff6600;\"><strong><img loading=\"lazy\" decoding=\"async\" class=\"wp-image-2141 alignleft\" src=\"http:\/\/ieomsociety.org\/istanbul2022\/wp-content\/uploads\/2022\/01\/Kemal.png\" alt=\"\" width=\"261\" height=\"266\" srcset=\"http:\/\/ieomsociety.org\/istanbul2022\/wp-content\/uploads\/2022\/01\/Kemal.png 677w, http:\/\/ieomsociety.org\/istanbul2022\/wp-content\/uploads\/2022\/01\/Kemal-294x300.png 294w, http:\/\/ieomsociety.org\/istanbul2022\/wp-content\/uploads\/2022\/01\/Kemal-620x633.png 620w, http:\/\/ieomsociety.org\/istanbul2022\/wp-content\/uploads\/2022\/01\/Kemal-191x195.png 191w, http:\/\/ieomsociety.org\/istanbul2022\/wp-content\/uploads\/2022\/01\/Kemal-70x70.png 70w, http:\/\/ieomsociety.org\/istanbul2022\/wp-content\/uploads\/2022\/01\/Kemal-45x45.png 45w\" sizes=\"(max-width: 261px) 100vw, 261px\" \/>Dr. Kemal Kilic<\/strong> <\/span><br \/>\n<span style=\"color: #ff6600;\">Associate Professor <\/span><br \/>\n<span style=\"color: #ff6600;\">Faculty of Engineering and Natural Sciences<\/span><br \/>\n<span style=\"color: #ff6600;\">Sabanci University<\/span><br \/>\n<span style=\"color: #ff6600;\">Istanbul, Turkey<\/span><\/h3>\n<p>Dr. Kemal Kilic received the B.Sc. degree from the Electronics Engineering Department, Bogazici University, Istanbul, Turkey, M.Sc. degree from Industrial Engineering Department, Bilkent University, Ankara, Turkey and PhD degree from the Mechanical and Industrial Engineering Department, University of Toronto, Canada. He is currently an associate professor in the Faculty of Engineering and Natural Sciences, Sabanci University, Istanbul, Turkey. His current research and teaching focus includes data analytics, innovation management, digital transformation and decision making. Dr. Kilic served as Board Member in Information Technologies Panel of the Scientific and Technological Research Council of Turkey (2014-2015), Panel Board Member of NATO System Analysis and Studies (SAS) Group (2015-2018) and Member-at-Large of NATO SAS Panel (2018-\u2026). He has published over 70 scientific papers in various SCI-Indexed journals and proceedings of well-known international conferences. He has been heavily involved in development of various industrial education and leadership development programmes for leading groups and conglomerates of Turkey regarding to digital transformation, innovation management and data analytics at the Executive Development Unit (EDU) of Sabanci University.<\/p>\n<hr \/>\n<h2 style=\"text-align: center;\"><strong><span style=\"color: #ff6600;\">Tutorial 4:<\/span><br \/>\n<span style=\"color: #0000ff;\">Blockchain <\/span><\/strong><span style=\"color: #0000ff;\"><br \/>\n<\/span>by Dr. \u0130smail Hakk\u0131 Polat of Kadir Has University<\/h2>\n<p style=\"text-align: center;\">2:45 &#8211; 4:00 pm, Monday, March 7, 2022 &#8211; Virtual Room 6<\/p>\n<p>A blockchain is a distributed database shared among the nodes of a computer network. As a database, a blockchain stores information electronically in digital format. Blockchains are best known for their crucial role in cryptocurrency systems, such as Bitcoin, for maintaining a secure and decentralized record of transactions. The innovation with a blockchain guarantees the fidelity and security of a record of data and generates trust without a trusted third party. One key difference between a typical database and a blockchain is how the data is structured. For example, a blockchain collects information together in groups, known as blocks, that hold sets of information. Blocks have certain storage capacities and, when filled, are closed and linked to the previously filled block, forming a chain of data known as the blockchain. All new information that follows that freshly added block is compiled into a newly formed block added to the chain once filled. A database usually structures its data into tables, whereas a blockchain, like its name implies, structures its data into chunks (blocks) that are strung together. This data structure inherently makes an irreversible timeline of data when implemented decentralized. When a block is filled, it is set in stone and becomes a part of this timeline. Each block in the chain is given an exact timestamp when added to the chain.<\/p>\n<p>Speaker Bio<\/p>\n<h3><span style=\"color: #ff6600;\"><strong><img loading=\"lazy\" decoding=\"async\" class=\"wp-image-2144 alignleft\" src=\"http:\/\/ieomsociety.org\/istanbul2022\/wp-content\/uploads\/2022\/01\/Ismail-Hakki-Polat-Bitcoin-1.jpg\" alt=\"\" width=\"263\" height=\"263\" srcset=\"http:\/\/ieomsociety.org\/istanbul2022\/wp-content\/uploads\/2022\/01\/Ismail-Hakki-Polat-Bitcoin-1.jpg 240w, http:\/\/ieomsociety.org\/istanbul2022\/wp-content\/uploads\/2022\/01\/Ismail-Hakki-Polat-Bitcoin-1-150x150.jpg 150w, http:\/\/ieomsociety.org\/istanbul2022\/wp-content\/uploads\/2022\/01\/Ismail-Hakki-Polat-Bitcoin-1-195x195.jpg 195w, http:\/\/ieomsociety.org\/istanbul2022\/wp-content\/uploads\/2022\/01\/Ismail-Hakki-Polat-Bitcoin-1-130x130.jpg 130w, http:\/\/ieomsociety.org\/istanbul2022\/wp-content\/uploads\/2022\/01\/Ismail-Hakki-Polat-Bitcoin-1-70x70.jpg 70w, http:\/\/ieomsociety.org\/istanbul2022\/wp-content\/uploads\/2022\/01\/Ismail-Hakki-Polat-Bitcoin-1-45x45.jpg 45w\" sizes=\"(max-width: 263px) 100vw, 263px\" \/>Ismail Hakki Polat<br \/>\n<\/strong>New Media Lecturer<\/span><br \/>\n<span style=\"color: #ff6600;\">Kadir Has University<\/span><br \/>\n<span style=\"color: #ff6600;\">Istanbul, Turkey<\/span><\/h3>\n<p><span class=\"lt-line-clamp__raw-line\">Ismail Hakki Polat graduated from The Middle East Technical University Electrical &amp; Electronics Engineering Department in 1989. In his professional carrier, he mainly worked in the globally leading telecommunications companies such as Siemens, Nortel, Ericsson and Turkcell in different positions ranging from engineering to executive management.<\/span><\/p>\n<p>Since 2004, he has been lecturing on New Media at Kadir Has University as well as setting up the new media services of local media conglomerates such as Dogan Holding, Merkez Broadcasting &amp; Publishing Group and Ciner Media Group as an active consultant. He also worked for BBC Media Action as a freelance consultant during the preparation of New Media Journalism Curriculum in Baku Slavic and Baku State Universities.<\/p>\n<p>Polat is the initiator of Turkey\u2019s first New Media University Department in Kadir Has University as well as being the Founding President of The Digital Transformation Association in Turkey further to his course module authorship for Mobile Journalism at Open School of Journalism in NYC. As being one of the pioneering Blockchain and Cryptocurrency Lecturers at University level, he also serves as a cryptocurrency advisor &amp; mentor for several startups such as OwnData, Glad, Bundle, Krypted, Orchestrum and more.<\/p>\n<p>Polat has a column in Bloomberg BusinessWeek Turkey where he weekly shares his opinions on #NewMedia, #DigitalTransformation and #CryptoCurrencies.<\/p>\n","protected":false},"excerpt":{"rendered":"<p>Tutorial 1: Graph Analytics by Dr. G\u00fcrdal Ertek of United Arab Emirates University 1:30 &#8211; 2:45 pm, Monday, March 7, 2022 &#8211; Virtual Room 6 Graphs are used extensively to represent systems composed of interconnected elements\/components. Production sequences, project plans, social networks, maps, the Internet, and many other systems can be represented as graphs. Graphs [&hellip;]<\/p>\n","protected":false},"author":1,"featured_media":0,"parent":0,"menu_order":0,"comment_status":"closed","ping_status":"closed","template":"","meta":{"footnotes":""},"class_list":["post-2087","page","type-page","status-publish","hentry"],"_links":{"self":[{"href":"http:\/\/ieomsociety.org\/istanbul2022\/wp-json\/wp\/v2\/pages\/2087"}],"collection":[{"href":"http:\/\/ieomsociety.org\/istanbul2022\/wp-json\/wp\/v2\/pages"}],"about":[{"href":"http:\/\/ieomsociety.org\/istanbul2022\/wp-json\/wp\/v2\/types\/page"}],"author":[{"embeddable":true,"href":"http:\/\/ieomsociety.org\/istanbul2022\/wp-json\/wp\/v2\/users\/1"}],"replies":[{"embeddable":true,"href":"http:\/\/ieomsociety.org\/istanbul2022\/wp-json\/wp\/v2\/comments?post=2087"}],"version-history":[{"count":11,"href":"http:\/\/ieomsociety.org\/istanbul2022\/wp-json\/wp\/v2\/pages\/2087\/revisions"}],"predecessor-version":[{"id":2452,"href":"http:\/\/ieomsociety.org\/istanbul2022\/wp-json\/wp\/v2\/pages\/2087\/revisions\/2452"}],"wp:attachment":[{"href":"http:\/\/ieomsociety.org\/istanbul2022\/wp-json\/wp\/v2\/media?parent=2087"}],"curies":[{"name":"wp","href":"https:\/\/api.w.org\/{rel}","templated":true}]}}