{"id":22,"date":"2017-01-15T13:09:27","date_gmt":"2017-01-15T13:09:27","guid":{"rendered":"http:\/\/ieomsociety.org\/singapore2021\/?page_id=22"},"modified":"2022-01-15T21:23:39","modified_gmt":"2022-01-15T21:23:39","slug":"authors","status":"publish","type":"page","link":"http:\/\/ieomsociety.org\/istanbul2022\/authors\/","title":{"rendered":"Authors"},"content":{"rendered":"<h2 style=\"text-align: center;\"><span style=\"color: #339966;\"><span style=\"color: #ff6600;\"><strong>Call for Papers and Presentations<\/strong> <span style=\"color: #ff00ff;\"><a href=\"http:\/\/www.ieomsociety.org\/flyer-detroit2020.pdf\">(Flyer)<\/a><\/span><\/span><\/span><\/h2>\n<h4 style=\"text-align: center;\"><span style=\"color: #ff00ff;\"><strong>Submission deadline is extended till January 31, 2022<br \/>\n<span style=\"color: #0000ff;\">(You can also present via zoom due to the pandemic)<\/span><\/strong><\/span><\/h4>\n<hr \/>\n<p>IEOM Society is organizing the 12th Annual International Conference on Industrial Engineering and Operations Management in Istanbul, Turkey during March 7-10, 2022. Venue is Hilton Istanbul Bomonti Hotel. Host is Kadir Has University in collaboration with Sabanci University. The conference aims to provide a forum for academics, researchers and practitioners to exchange ideas and recent developments in the field of Industrial Engineering and Operations Management. The conference is also expected to foster networking, collaboration and joint effort among the conference participants to advance the theory and practice as well as to identify major trends in Industrial Engineering and Operations Management.<\/p>\n<p style=\"text-align: center;\"><span style=\"color: #800000;\"><span style=\"color: #ff00ff;\"><span style=\"color: #000000;\">Submission Site: <a href=\"https:\/\/www.xcdsystem.com\/IEOM\/abstract\/index.cfm?ID=YGN5iSP\">https:\/\/www.xcdsystem.com\/IEOM\/abstract\/index.cfm?ID=YGN5iSP<\/a><br \/>\n<\/span><\/span><\/span><\/p>\n<p>Authors can submit full paper(s) or abstract(s) only. <u>Authors MUST use the conference template to prepare papers or abstracts.<\/u> IEOM Society encourages to submit full paper(s). All full papers will be subjected to double peer review. Accepted papers will be published in the proceedings and <strong>indexed by Scopus<\/strong>. PREV<span style=\"color: #000000;\">IOUS IEOM PAPERS ARE IN SCOPUS ALREADY.<\/span> Any submission implies that an author will present the paper or abstract virtually or orally.<\/p>\n<p style=\"text-align: center;\">Paper Template <a href=\"http:\/\/ieomsociety.org\/paper-istanbul2022.docx\">WORD (*.docx)<\/a><\/p>\n<p style=\"text-align: center;\">Abstract Template <a href=\"http:\/\/ieomsociety.org\/abstract-istanbul2022.docx\">WORD (*.docx)<\/a><\/p>\n<p style=\"text-align: center;\"><span style=\"color: #ff00ff;\"><strong>Paper Checklist<\/strong> <\/span>\u2013 <a href=\"http:\/\/ieomsociety.org\/paper-checklist.pdf\">Paper Formatting and Guidelines<\/a><br \/>\n<span style=\"color: #ff00ff;\"><strong>IEOM Reference Format<\/strong><\/span> \u2013 <a href=\"http:\/\/ieomsociety.org\/ieom-reference-format.docx\">http:\/\/ieomsociety.org\/ieom-reference-format.docx<\/a><\/p>\n<p style=\"text-align: center;\"><strong>Sample IEOM Papers<\/strong> can be followed to prepare a quality paper:<br \/>\n<a href=\"http:\/\/ieomsociety.org\/sample-reference-paper-1.pdf\">Paper 1<\/a>, <a href=\"http:\/\/ieomsociety.org\/sample-reference-paper-2.pdf\">Paper 2<\/a>, <a href=\"http:\/\/ieomsociety.org\/sample-reference-paper-3.pdf\">Paper 3<\/a>, <a href=\"http:\/\/ieomsociety.org\/sample-reference-paper-4.pdf\">Paper 4<\/a>, <a href=\"http:\/\/ieomsociety.org\/sample-reference-paper-5.pdf\">Paper 5<\/a>, <a href=\"http:\/\/ieomsociety.org\/sample-reference-paper-6.pdf\">Paper 6<\/a>, <a href=\"http:\/\/ieomsociety.org\/sample-reference-paper-7.pdf\">Paper 7<\/a>, <a href=\"http:\/\/ieomsociety.org\/sample-reference-paper-8.pdf\">Paper 8<\/a>, <a href=\"http:\/\/ieomsociety.org\/sample-reference-paper-9.pdf\">Paper 9<\/a> , <a href=\"http:\/\/ieomsociety.org\/sample-reference-paper-9.pdf\">Paper 10<\/a> and <a href=\"http:\/\/ieomsociety.org\/sample-reference-paper-11.pdf\">a sample review paper<\/a>.<\/p>\n<p style=\"text-align: center;\"><strong><a href=\"https:\/\/www.xcdsystem.com\/IEOM\/attendee\/index.cfm?ID=HaRnILA\">CLICK HERE for ONLINE Conference Registration<\/a><\/strong><\/p>\n<hr \/>\n<p><span style=\"color: #ff0000;\"><strong>Paper Limit<\/strong><\/span><\/p>\n<ul>\n<li>One person cannot submit more than 5 papers and \/ or abstracts as an author or co-author.<\/li>\n<\/ul>\n<p><span style=\"color: #ff0000;\"><strong>Camera Ready Deadline &#8211; March 1, 2022<\/strong><\/span><\/p>\n<ul>\n<li>After camera ready deadline, authors would not be able to revise the paper. Paper must follow IEOM guidelines without grammatical or spelling errors and have significant research contribution. Otherwise those papers will be published online and it would not be sent for indexing.<\/li>\n<\/ul>\n<hr \/>\n<h2><span style=\"color: #ff6600;\">Competitions<\/span><\/h2>\n<ul>\n<li><a href=\"http:\/\/ieomsociety.org\/istanbul2022\/undergraduate-paper-competition\/\">Undergraduate Student Paper Competition Sponsored by SIEMENS<\/a><\/li>\n<li><a href=\"http:\/\/ieomsociety.org\/istanbul2022\/graduate-paper-competition\/\">Graduate Student Paper Competition Sponsored by EATON Corporation<\/a><\/li>\n<li><a href=\"http:\/\/ieomsociety.org\/istanbul2022\/master-thesis-competition\/\">Master Thesis Competition<\/a><\/li>\n<li><a href=\"http:\/\/ieomsociety.org\/istanbul2022\/doctoral-dissertation-competition\/\">Doctoral Dissertation Competition<\/a><\/li>\n<li><a href=\"http:\/\/ieomsociety.org\/istanbul2022\/senior-design-project\/\">Senior Capstone Design Project Competition sponsored by Tooling Tech Group<\/a><\/li>\n<li><a href=\"http:\/\/ieomsociety.org\/istanbul2022\/undergraduate-research-competition\/\">Undergraduate Research\u00a0Competition<\/a><\/li>\n<li><a href=\"http:\/\/ieomsociety.org\/istanbul2022\/high-school-stem-competition\/\">High School STEM Competition<\/a><\/li>\n<li><a href=\"http:\/\/ieomsociety.org\/istanbul2022\/human-factors-ergonomics-competition\/\">Human Factors and Ergonomics Competition<\/a><\/li>\n<li><a href=\"http:\/\/ieomsociety.org\/istanbul2022\/lean-six-sigma-competition\/\">Lean Six Sigma Competition sponsored by Tooling Tech Group<\/a><\/li>\n<li><a href=\"http:\/\/ieomsociety.org\/istanbul2022\/simulation-competition\/\">Simulation Competition<\/a><\/li>\n<li><a href=\"http:\/\/ieomsociety.org\/istanbul2022\/supply-chain-competition\/\">Supply Chain and Logistics Competition<\/a><\/li>\n<li><a href=\"http:\/\/ieomsociety.org\/istanbul2022\/poster-competition\/\">Poster Competition &#8211; GD and UG<\/a><\/li>\n<li><a href=\"http:\/\/ieomsociety.org\/istanbul2022\/covid-19\/\">COVID-19 Case Study Competition<\/a><\/li>\n<\/ul>\n<hr \/>\n<h2><span style=\"color: #ff6600;\">Tracks<\/span><\/h2>\n<p><strong>Topics covering industrial issues\/applications and academic research include, but are not limited to:<\/strong><\/p>\n<p style=\"padding-left: 30px;\">Artificial Intelligence<br \/>\nAutomation and Control<br \/>\nBusiness Management<br \/>\nCase Studies<br \/>\nComputers and Computing<br \/>\nConstruction Management<br \/>\nCyber Security<br \/>\nData Analytics<br \/>\nDecision Sciences<br \/>\nDefense Management Science<br \/>\nE-Business and E-Commerce<br \/>\nEnergy<br \/>\nEngineering Economy<br \/>\nEngineering Education<br \/>\nEngineering Management<br \/>\nEntrepreneurship and Innovation<br \/>\nFacilities Planning and Management<br \/>\nFinancial Engineering<br \/>\nHealthcare Systems<br \/>\nHuman Factors and Ergonomics<br \/>\nIE \/ OM in Asia, Africa and Europe<br \/>\nInformation Technology and Information Systems<br \/>\nInventory Management<br \/>\nLean and Six Sigma<br \/>\nLogistics Management<br \/>\nManufacturing and Design<br \/>\nMaterial Flow Cost Accounting (MFCA)<br \/>\nModeling and Simulation<br \/>\nOccupational Safety and Health (OSH)<br \/>\nOperations Management<br \/>\nOperations Research<br \/>\nProduct Lifecycle Management (PLM)<br \/>\nProduction Planning and Management<br \/>\nProject Management<br \/>\nQuality Control and Management<br \/>\nReliability and Maintenance<br \/>\nSensors and Sensing Systems<br \/>\nService Systems and Service Management<br \/>\nSmart Mobility<br \/>\nSoftware Testing and Quality Assurance<br \/>\nStatistics and Optimization<br \/>\nSupply Chain Management<br \/>\nSustainability and Green Systems<br \/>\n<span style=\"color: #008000;\">Sustainability in Supply Chain, Enterprise Operations and Strategies including Food Supply Chain<\/span><br \/>\nSustainable Manufacturing<br \/>\nSystems Engineering<br \/>\nTechnology Management<br \/>\nTotal Quality Management<br \/>\nTransportation and Traffic<br \/>\nWork Design, Measurement,\u00a0 Standardization and ISO<\/p>\n<hr \/>\n<h3><span style=\"color: #ff6600;\">Special Tracks<\/span><\/h3>\n<ul>\n<li>Global Engineering Education (GEE)<\/li>\n<li>Global Business Management Education \/ Global Supply Chain and Logistics Education<\/li>\n<li>Industry 4.0 \/\u00a0Industry Solutions<\/li>\n<li>Diversity and Inclusion panel sponsored by Ford Motor Company<\/li>\n<li>Women in Industry and Academia (WIIAA)<\/li>\n<\/ul>\n<hr \/>\n<h3><span style=\"color: #ff6600;\">Deadlines<\/span><\/h3>\n<ul>\n<li><span style=\"color: #000000;\">Abstract\/Paper Submission: January 31, 2022<\/span><\/li>\n<li><span style=\"color: #000000;\">Review Feedback: on going<\/span><\/li>\n<li><span style=\"color: #000000;\">Registration Deadline: February 15, 2022<\/span>\n<ul>\n<li><span style=\"color: #000000;\">Submit revised version by addressing review comments by February 15 so that IEOM Editing Team can check authors have addresses review comments and follow the exact IEOM format<\/span><\/li>\n<\/ul>\n<\/li>\n<li><span style=\"color: #000000;\"><span style=\"color: #ff00ff;\"><em><strong>Final Camera Ready Paper: March 1, 2022<\/strong> <strong>(After this date, no revision will be allowed)<\/strong><\/em><\/span><\/span><\/li>\n<li><span style=\"color: #000000;\">Conference:<\/span> March 7-10, 2022<\/li>\n<\/ul>\n<hr \/>\n<h3 style=\"text-align: center;\" align=\"center\"><a href=\"http:\/\/ieomsociety.org\/ieom\/ethics-malpractice-statement\/\"><strong>IEOM Publication Ethics and Malpractice Statement<\/strong><\/a><\/h3>\n<hr \/>\n<h2 style=\"text-align: center;\"><span style=\"color: #ff6600;\"><strong>Paper Formatting Guidelines<\/strong><\/span><\/h2>\n<p style=\"text-align: center;\">Paper Template (*.docx)\u00a0Use IEOM Template to Prepare Your Manuscript\u00a0Abstract Template (*.docx)<\/p>\n<p><strong>Title<\/strong><\/p>\n<ul>\n<li>Paper Title should be 18 font with bold and center justification.<\/li>\n<li>All titles should be in standard mixed case, where the first letter of each word is capitalized and followed by lower case letters, as noted here: \u201c<strong>Lean Manufacturing, Operations Management and Six Sigma Applications\u201d<\/strong><\/li>\n<\/ul>\n<p><strong>Authors and Affiliations<\/strong><\/p>\n<ul>\n<li>Author name \u2013 12 font with bold and center justification<\/li>\n<li>Affiliation \u2013 12 font with center justification<\/li>\n<li>Authors with same affiliation should be together<\/li>\n<li>Authors with different affiliation should be listed separately with one space in between<\/li>\n<li>Email can be added for each author<\/li>\n<li>Single space between affiliation and abstract title<\/li>\n<li>Abstract title\u00a0 \u2013 12 font with bold and center justification<\/li>\n<li>Abstract text \u2013 10 font with full justification<\/li>\n<li>Abstract not exceeding 250 words.<\/li>\n<\/ul>\n<p><strong>Keywords (12 font)<br \/>\n<\/strong>Keyword 1, Keyword 2, Keyword 3, Keyword 4 and Keyword 5.\u00a0 (10 font)<\/p>\n<ul>\n<li>No more than five keywords (10 font)<\/li>\n<\/ul>\n<h2>Page Layout<\/h2>\n<ul>\n<li>8 1\/2&#8243; X 11&#8243; paper<\/li>\n<li>All margins: 1.00&#8243;<\/li>\n<li>Full justification<\/li>\n<li>Times New Roman font<\/li>\n<li><em><strong>Maximum 12 pages<\/strong><\/em><\/li>\n<li><em><strong>Minimum 8 pages<\/strong><\/em><\/li>\n<li>Single space for entire manuscript<\/li>\n<li>Each paper should have abstract, introduction, literature review with minimum 15 citations including some recent publications, methods, data analysis, numerical and graphical results, statistical analysis, validation, conclusion and references.<\/li>\n<li>Conference header should be \u201cProceedings of the 12th Annual International Conference on Industrial Engineering and Operations Management, Istanbul, Turkey, March 7-10, 2022\u201d and copyright information as footer must be used as \u201c\u00a9 IEOM Society International\u201d. Copyright information implies that IEOM Society International has right to publication the paper.<\/li>\n<\/ul>\n<p><strong>1. Headings (12 font)<\/strong><\/p>\n<ul>\n<li>12 font size with bold and left justification<\/li>\n<li>Header should have numbering<\/li>\n<li>No space between header and text<\/li>\n<\/ul>\n<p><strong>1.1 Sub-Headings (11 font)<\/strong><\/p>\n<ul>\n<li>Title \u2013 11 font with sub-numbering<\/li>\n<li>Text \u2013 10 font with no indexing<\/li>\n<li>One space between paragraphs<\/li>\n<li>No space between header and text<\/li>\n<\/ul>\n<p><strong>Figures<\/strong><strong>\u00a0<\/strong><\/p>\n<ul>\n<li>Texts of figure should be readable<\/li>\n<li>Original high quality pictures<\/li>\n<li>Center justification<\/li>\n<li>Title of Figure should be in center and it must be mentioned as \u201cFigure x: \u2026\u201d<\/li>\n<li>Title of figure should be sentence case with center justification and 10 font<\/li>\n<li>Title should be after figure<\/li>\n<li>All figure numbers must be mentioned in the body of the paper.<\/li>\n<li>One space between texts and figure, figure and title of the figure and title of the figure and texts.<\/li>\n<\/ul>\n<p style=\"text-align: center;\">Insert Figure Here<\/p>\n<p style=\"text-align: center;\">Figure 1. Name of the figure<\/p>\n<p><strong>Tables<\/strong><\/p>\n<ul>\n<li>Texts of table should be readable<\/li>\n<li>Center justification<\/li>\n<li>Title of table should be in center and it must be mentioned as \u201cTable x: \u2026\u201d It should be added before table.<\/li>\n<li>Title of table should be sentence case with center justification and 10 font size<\/li>\n<li>All table numbers must be mentioned in the body of the paper.<\/li>\n<li>One space between texts and table, table and title of the table and title of the table and texts.<\/li>\n<\/ul>\n<p style=\"text-align: center;\">Table 1. Name of the table<\/p>\n<p style=\"text-align: center;\">Insert Table Here<\/p>\n<p><strong>Equations<\/strong><\/p>\n<ul>\n<li>Equation numbering is optional.<\/li>\n<\/ul>\n<p><strong>Acknowledgements<\/strong><\/p>\n<ul>\n<li>Add acknowledgement if needed<\/li>\n<\/ul>\n<p><strong>References<\/strong><\/p>\n<ul>\n<li>References title \u2013 12 font with bold and left justification<\/li>\n<li>References texts \u2013 10 font<\/li>\n<li>No numbering should be used for reference title<\/li>\n<li>Last name and year should be used for any reference citation. Last name and year should be used for single author and double authors. For more than two authors, last name of the first author and \u201cet al.\u201d with year should be used. For examples: Reimer (2009), (Reimer 2009), Reimer and Ali (2009), (Reimer and Ali 2009), Reimer et al. (2009) and (Reimer et al. 2009). Number is not allowed in the reference citation.<\/li>\n<li>All references must be cited in the paper.<\/li>\n<li>Journal and conference names should in in italic.<\/li>\n<li>Title of the book should be in italic.<\/li>\n<li>All lines after the first line of references list should be indented one-fourth (1\/4) inch from the left margin. This is called hanging indentation. .<\/li>\n<li>Last name and first initial should be should in the reference formatting like below examples.<\/li>\n<li>Internet resources should have author(s) if any, title of website, company or organization, URL, Accessed Day.<\/li>\n<\/ul>\n<p>Sample Reference Format (Alphabetical Order)<\/p>\n<ul>\n<li>Chang, T., Wysk, R., and Wang, H., <em>Computer-Aided Manufacturing<\/em>, 3<sup>rd<\/sup> Edition, Prentice Hall, New Jersey, 2006.<\/li>\n<li>Cook, V., and Ali, A., End-of-line inspection for annoying noises in automobiles: trends and perspectives, <em>Applied Acoustic<\/em>, vol. 73, no. 3, pp. 265-275, 2012.<\/li>\n<li>Khadem, M., Ali, A., and Seifoddini,\u00a0 H., Efficacy of lean metrics in evaluating the performance of manufacturing system, <em>International Journal of Industrial Engineering<\/em>, vol. 15, no. 2, pp. 176-184, 2008.<\/li>\n<li>Krstovski, S.\u00a0, IEOM Lean Six Sigma Global Competition: COVID-19 Pandemic, IEOM Society,\u00a0\u00a0http:\/\/ieomsociety.org\/ieom\/covid-19\/, Accessed Day: June 9, 2020.<\/li>\n<li>Pandian, A., and Ali, A., Automotive robotic body shop simulation for performance improvement using plant feedback, <em>International Journal of Industrial and Systems Engineering<\/em>, vol. 7, no. 3, pp. 269-291, 2011.<\/li>\n<li>Rahim, A., and Khan, M., Optimal determination of production run and initial settings of process parameters for a deteriorating process, <em>International Journal of Advanced Manufacturing Technology<\/em>, April 2007, vol. 32, no. 7-8, pp. 747-756, 2007.<\/li>\n<li>Rahman, M. A., Sarker, B. R., and Escobar, L. A., Peak demand forecasting for a seasonal product using Bayesian approach, <em>Journal of the Operational Research Society<\/em>, vol. 62, pp. 1019-1028, 2011.<\/li>\n<li>Reimer, D., Entrepreneurship and Innovation, Available: http:\/\/www.ieomsociet.org\/ieom\/newsletters\/,\u00a0July 2020.<\/li>\n<li>Reimer, D., and Ali, A., Engineering education and the entrepreneurial mindset at Lawrence Tech, <em>Proceedings of the International Conference on Industrial Engineering and Operations Management<\/em>, Istanbul, Turkey, pp. xx-xx, July 3 \u2013 6, 2012.<\/li>\n<li>Shetty, D., Ali, A., and Cummings, R., A model to assess lean thinking manufacturing initiatives, <em>International Journal of Lean Six Sigma<\/em>, vol. 1, no. 4, pp. 310-334, 2010.<\/li>\n<li>Srinivasan, G., Arcelus, F.J., and Pakkala, T.P.M., A retailer\u2019s decision process when anticipating a vendor\u2019s temporary discount offer, <em>Computers and Industrial Engineering<\/em>, vol. 57, pp. 253-260, 2009.<\/li>\n<\/ul>\n<p><strong>Biography \/ Biographies<\/strong> (for single author \u2013 biography and multiple authors- biographies) \u2013 12 font bold<\/p>\n<ul>\n<li>Include bio of each author at the end of the paper<\/li>\n<li>Limited to 250 words<\/li>\n<\/ul>\n<p><strong>Zeki Ayag, Ph.D., P.Eng. <\/strong>is currently as a Full Professor of Industrial Engineering at the Faculty of Engineering and Natural Sciences at Kadir Has University. Before, he served as Director of the Graduate School of Science and Engineering between 2014-2017, and Founding Chairman of Industrial Engineering between 2005-2015 at the same university. He holds an undergraduate degree in Industrial Engineering Department of Faculty of Business Administration, a Master\u2019s in Engineering Management Program of Industrial Engineering, and a Ph.D. degree in Industrial Engineering Program of Industrial Engineering at Istanbul Technical University (I.T.U). Before joining to Kadir Has University, he worked as an Assistant Professor in Istanbul Kultur University for almost 2 years. In addition to his academic experience, he has national and international industrial experience such as; CAD Engineer in Magna International, Inc., Cam-Slide Mfg. (CANADA), Engineering Designer in Mold-Masters Ltd. (Canada), Construction Department Chief in Makina Takim Endustrisi A.S., and Quality Assurance Engineer in PIMAS A.S. He has published many articles in leading periodical journals indexed by SCI\u00ae) and SCI-Expanded\u00ae, such as International Journal of Production Research, Journal of Intelligent Manufacturing, IIE Transactions, Journal of Engineering Design and Journal of Intelligent and Fuzzy Systems and so on. He is a licensed Professional Engineer (P. Eng.) from both Society of Professional Engineers in Ontario (PEO) in CANADA, and Chamber of Mechanical Engineers of Turkey (TMMOB).\u00a0 He is Senior Member of Institute of Industrial Engineers (IIE). He has also various memberships such as Operational Research Society, TURKEY (YAD), Turkish Industrial Engineers Group (TURK IE), Society of Fuzzy Systems, TURKEY (BUSIDE), International Society on Multiple Criteria Decision Making (MCDM), International Association of Engineers (IAENG), IAENG Society of Industrial Engineering, IAENG Society of Operations Research, IAENG Society of Artificial Intelligence, IAENG Society of Information System Engineering and so on. He is also Associate Editor in Advances in Fuzzy Systems, former Editorial Board Member of International Journal of Production Research, and in different capacities for other journals. He also serves Program Evaluator for M\u00dcDEK (Association of Evaluation and Accreditation of Engineering Programs), and Institutional External Evaluator and Team Leader for Y\u00d6K (Council of Higher Education in Turkey) Quality Council.<\/p>\n<p><strong>G\u00fcnd\u00fcz Ulusoy<\/strong> received his BSc in mechanical engineering from Robert College, Istanbul in 1970; an MSc in mechanical engineering from the University of Rochester in 1972 and a Ph.D. in operations research from Virginia Tech in 1975. He served in the Department of Industrial Engineering, Bo\u011fazi\u00e7i University in Istanbul as a faculty member (1976-1999) and as Head of Department (1985-1993). He also served as Vice President of Bo\u011fazi\u00e7i University (1992-1994). In 1983, he worked as a postgraduate research fellow in the Operational Research Department in Lancaster University. He spent a year on leave from Bo\u011fazi\u00e7i University in the industry. He was a member of the Executive Board of the Turkish Scientific and Technical Research Council (1993-1997) and Chairman of the Executive Board of the Marmara Research Center (1995-1997). He served on the Executive Board of the Turkish Quality Association (1998-2002) and chaired its Quality Award Committee (1998-2002).\u00a0 He also served on the Board of Bo\u011fazi\u00e7i University Alumni Association (1988-1991) and the Board of Elginkan Foundation (1994-2000). He is a founding member of the Science Foundation and the Turkish Informatics Foundation.<\/p>\n<p>In 1999 he joined the Faculty of Engineering and Natural Sciences at Sabanc\u0131 University and established the Manufacturing Systems Engineering Program. He founded and became the Co-Coordinator of the Leaders for Industry Program (2001-2004). He founded the TUSIAD-Sabanc\u0131 University Competitiveness Forum and served as its Director (2003-2008). He was a member of the Standing Committee on Sustainable Competitiveness of the Manufacturing Industry established by the Office of the Prime Minister of Turkey (2007-2010).\u00a0 Since 2015 he has served as an Emeritus Professor at Sabanc\u0131 University.<\/p>\n<p>He received Teaching Awards at Bo\u011fazi\u00e7i University and Sabanc\u0131 University.<\/p>\n<p>In collaboration with TUSIAD and the related Trade Associations, he studied competitive strategies and sectoral benchmarking in the Turkish automotive, cement, electronics, white goods, and machine manufacturing industries. He conducted research on technology and new product development management in the Turkish automotive parts and components industry and on the new product development capability of the Turkish electronics industry. As a UNICE Competitiveness Working Group member in Brussels, he contributed to its competitiveness, entrepreneurship, and innovation research.<\/p>\n<p>His primary research areas are competitiveness, innovation, digitalization and manufacturing strategies, and project management and scheduling. He has published research articles in Interfaces, Operations Research, Journal of the Operational Research Society, European Journal of Operational Research, International Journal of Production Economics, International Journal of Production Research, IIE Transactions, International Journal of Production and Operations Management, Journal of Operations Management, Naval Research Logistics, Computers &amp; OR, and Frontiers of Engineering Management.<\/p>\n<p>He was an Associate Editor of the European Journal of Operational Research (1981-2000), and Contributing Editor to the International Abstracts in Operational Research (1978-1992), Chief Editor of the Turkish Journal of Operational Research (1983-1985), and served as the Guest Editor for several academic journals.<\/p>\n<p>In 2021, the textbook he co-authored with \u00d6nc\u00fc Haz\u0131r and titled An Introduction to Project Modeling and Planning was published by Springer Nature.<\/p>\n","protected":false},"excerpt":{"rendered":"<p>Call for Papers and Presentations (Flyer) Submission deadline is extended till January 31, 2022 (You can also present via zoom due to the pandemic) IEOM Society is organizing the 12th Annual International Conference on Industrial Engineering and Operations Management in Istanbul, Turkey during March 7-10, 2022. Venue is Hilton Istanbul Bomonti Hotel. Host is Kadir [&hellip;]<\/p>\n","protected":false},"author":1,"featured_media":0,"parent":0,"menu_order":0,"comment_status":"closed","ping_status":"closed","template":"","meta":{"footnotes":""},"class_list":["post-22","page","type-page","status-publish","hentry"],"_links":{"self":[{"href":"http:\/\/ieomsociety.org\/istanbul2022\/wp-json\/wp\/v2\/pages\/22"}],"collection":[{"href":"http:\/\/ieomsociety.org\/istanbul2022\/wp-json\/wp\/v2\/pages"}],"about":[{"href":"http:\/\/ieomsociety.org\/istanbul2022\/wp-json\/wp\/v2\/types\/page"}],"author":[{"embeddable":true,"href":"http:\/\/ieomsociety.org\/istanbul2022\/wp-json\/wp\/v2\/users\/1"}],"replies":[{"embeddable":true,"href":"http:\/\/ieomsociety.org\/istanbul2022\/wp-json\/wp\/v2\/comments?post=22"}],"version-history":[{"count":66,"href":"http:\/\/ieomsociety.org\/istanbul2022\/wp-json\/wp\/v2\/pages\/22\/revisions"}],"predecessor-version":[{"id":2056,"href":"http:\/\/ieomsociety.org\/istanbul2022\/wp-json\/wp\/v2\/pages\/22\/revisions\/2056"}],"wp:attachment":[{"href":"http:\/\/ieomsociety.org\/istanbul2022\/wp-json\/wp\/v2\/media?parent=22"}],"curies":[{"name":"wp","href":"https:\/\/api.w.org\/{rel}","templated":true}]}}