{"id":21,"date":"2018-06-29T05:00:18","date_gmt":"2018-06-29T05:00:18","guid":{"rendered":"http:\/\/ieomsociety.org\/pilsen2019\/?page_id=21"},"modified":"2019-06-09T15:22:01","modified_gmt":"2019-06-09T15:22:01","slug":"committee","status":"publish","type":"page","link":"http:\/\/ieomsociety.org\/pilsen2019\/committee\/","title":{"rendered":"Committee"},"content":{"rendered":"<h1 style=\"text-align: center;\"><span style=\"color: #ff6600;\"><strong>Committee &#8211; 3rd EU Pilsen<br \/>\n<\/strong><\/span><\/h1>\n<hr \/>\n<p><span style=\"color: #0000ff;\"><strong>Conference Chairs<\/strong><\/span><\/p>\n<ul>\n<li>Dr. Jiri Tupa, University of West Bohemia, Czech Republic<\/li>\n<li>Prof. Jose Arturo Garza-Reyes, University of Derby, UK<\/li>\n<li>Prof. Vikas Kumar, University of the West of England, UK<\/li>\n<li>Dr. Ahad Ali, Lawrence Technological University, Michigan, USA<\/li>\n<\/ul>\n<hr \/>\n<p><strong><span style=\"color: #0000ff;\">Program Chairs<\/span> <\/strong><\/p>\n<ul>\n<li>Dr. Zied Hajej, Associate Professor, LGIPM-University of Lorraine, Metz Cedex, France<\/li>\n<li>Dr. Mohammad Khdem, SQU, Oman<\/li>\n<\/ul>\n<p><strong><span style=\"color: #0000ff;\">Technical Chairs<\/span> <\/strong><\/p>\n<ul>\n<li>Dr. Ali Siadat, Professor, Arts et M\u00e9tiers ParisTech de METZ, Metz, France<\/li>\n<\/ul>\n<p><span style=\"color: #0000ff;\"><strong>Publication Chairs<\/strong><\/span><\/p>\n<ul>\n<li>Dr. Mohammed Rahman, Central Connecticut State University, USA.<\/li>\n<\/ul>\n<p><span style=\"color: #0000ff;\"><strong>Sponsors and Exhibitors Chair<\/strong><\/span><\/p>\n<ul>\n<li>Professor Don Reimer, Lawrence Technological University, Southfield, Michigan, USA<\/li>\n<\/ul>\n<hr \/>\n<p><strong><span style=\"color: #ff6600;\">TRACK CHAIRS<\/span><\/strong><\/p>\n<ul>\n<li>Industry 4.0<\/li>\n<li>Supply Chain Management<\/li>\n<li>Quality 4.0<\/li>\n<li>Engineering Education<\/li>\n<li>Sustainability<\/li>\n<li>Engineering Management<\/li>\n<li>Product Design and Development<\/li>\n<\/ul>\n<hr \/>\n<p><strong><span style=\"color: #ff6600;\">COMPETITION CHAIRS<\/span><\/strong><\/p>\n<p><span style=\"color: #0000ff;\"><strong>Doctoral Dissertation Competition Chair<\/strong><\/span><\/p>\n<ul>\n<li>Dr. Mehran Doulat,\u00a0 Center for Quality and Sustainability, School of Engineering and Advanced Technology, UTM Kuala Lumpur, Malaysia<\/li>\n<\/ul>\n<p><span style=\"color: #0000ff;\"><strong>Master Thesis Competition Chair<\/strong><\/span><\/p>\n<ul>\n<li>Dr. Seifedine Kadry, Beirut Arab University Lebanon<\/li>\n<\/ul>\n<p><span style=\"color: #0000ff;\"><strong>Graduate\/Postgraduate Student Paper Competition Chair<\/strong><\/span><\/p>\n<ul>\n<li>Dr. Ahm Shamsuzoha, University of Vaasa, Finland<\/li>\n<\/ul>\n<p><span style=\"color: #0000ff;\"><strong>Undergraduate Student Paper Competition Chair<\/strong><\/span><\/p>\n<ul>\n<li>Dr. Abbas Mahmoudabadi, Mehrastan University, Gilan, Iran<\/li>\n<\/ul>\n<p><span style=\"color: #0000ff;\"><strong>Senior Design Capstone Project \/ FYP Poster Competition Chair<\/strong><\/span><\/p>\n<ul>\n<li>Dr. Md. Shamsuzzaman, University of Sharjah, UAE<\/li>\n<\/ul>\n<p><span style=\"color: #0000ff;\"><strong>Simulation Competition Chair<\/strong><\/span><\/p>\n<ul>\n<li>Dr. Neil Murray, ZF-TRW, USA<\/li>\n<\/ul>\n<p><span style=\"color: #0000ff;\"><strong>Lean Six Sigma Competition<\/strong><\/span><\/p>\n<ul>\n<li>Dr. Saso Krstovski, Ford Motor Company, USA<\/li>\n<\/ul>\n<p><span style=\"color: #0000ff;\"><strong>Supply Chain and Logistics Competition<\/strong><\/span><\/p>\n<ul>\n<li>Dr. Abdelaziz Berardo, EMI<\/li>\n<\/ul>\n<p><span style=\"color: #0000ff;\"><strong>Poster Competition Chair<\/strong><\/span><\/p>\n<ul>\n<li>Dr. Md. Mizanur Rahman, University Technology Malaysia (UTM), Johor Bahru, Malaysia<\/li>\n<\/ul>\n<p><span style=\"color: #0000ff;\"><strong>High School \/ Middle School STEM Competition Chairs<\/strong><\/span><\/p>\n<ul>\n<li>Professor Don Reimer, Lawrence Technological University, MI, USA<\/li>\n<\/ul>\n<hr \/>\n<p><strong><span style=\"color: #0000ff;\">Website Coordinators<\/span><br \/>\n<\/strong><\/p>\n<ul>\n<li>Christian Forrest,\u00a0 Manager of Web Services, Lawrence Technological University, Michigan, USA<\/li>\n<li>Suvro Sudip, Lawrence Technological University Graduate, Michigan, USA<\/li>\n<\/ul>\n<p><strong><span style=\"color: #0000ff;\">Conference Secretariat<\/span><br \/>\n<\/strong><\/p>\n<ul>\n<li>Dr. Taufiqul Islam, Michigan, USA<\/li>\n<\/ul>\n<hr \/>\n<p><span style=\"color: #0000ff;\"><strong>Global Engineering Education Committee<\/strong><\/span><\/p>\n<ul>\n<li>Dr. Abu Masud, Wichita State University, Kansas, USA (Chair)<\/li>\n<li>Dr. Hamid Parsaei, Texas A&amp;M University (College Station) and Texas A&amp;M University, Qatar (Co-Chair)<\/li>\n<li>Dr. Jafri Mohd Rohani, Universiti Teknologi Malaysia<\/li>\n<li>Dr. Grace Kanakana of Tshwane University of Technology, Pretoria, South Africa<\/li>\n<\/ul>\n<hr \/>\n<p><span style=\"color: #0000ff;\"><strong>Women in Industry and Academia (WIIA) Committee<\/strong><\/span><\/p>\n<ul>\n<li>Dr. Ilham Kissani, Al-Akhwan University, Morocco<\/li>\n<li>Dr. Grace Kanakana of Tshwane University of\u00a0 South Africa<\/li>\n<li>Dr. Abu Musa, Sudan University of Science and Technology, Sudan<\/li>\n<\/ul>\n<hr \/>\n<p><strong><span style=\"color: #0000ff;\">Local Organizing Committee<\/span><\/strong><\/p>\n<ul>\n<li>Dr. Jiri Tupa, University of West Bohemia, Czech Republic &#8211; Chairman<\/li>\n<li>Assoc. Prof. Frantisek Steiner, University of West Bohemia, Czech Republic<\/li>\n<li>Dr. Tomas Rericha, University of West Bohemia, Czech Republic<\/li>\n<li>Dr. Josef Pihera, University of West Bohemia, Czech Republic<\/li>\n<li>Dr. Martin Hirman, University of West Bohemia, Czech Republic<\/li>\n<\/ul>\n<p><strong><span style=\"color: #0000ff;\">Technical Committee (TC)<\/span><br \/>\n<\/strong><\/p>\n<ul>\n<li>Taher Azar Ahmad, Benha University, Egypt<\/li>\n<li>Alimohammad AHMADVAND, University of Eyvanekey, Iran<\/li>\n<li>Michel ALDANONDO, Ecole des Mine d&#8217;Albi, France<\/li>\n<li>Dr. Bandar A. Alkhayyal, Prince Sultan University, Saudi Arabia<\/li>\n<li>Ahmad Taher AZAR, Benha University, Egypt<\/li>\n<li>Armand BABOLI, INSA Lyon, France<\/li>\n<li>Trishit BANDYOPADHYAY, Xavier School of Management, India<\/li>\n<li>Andr\u00e9s Felipe BARCO, Universidad de San Buenaventura-Cali, Colombia<\/li>\n<li>Samuel BASSETTO, Ecole Polytechnique, Canada<\/li>\n<li>Mahdi BASTAN, University of Eyvanekey, Iran<\/li>\n<li>Philipp BAUMANN, University of Bern, Switzerland<\/li>\n<li>Cedrick BELER, Institut National Polytechnique de Toulouse &#8211; Ecole Nationale d&#8217;Ing\u00e9nieurs de Tarbes, France<\/li>\n<li>Eric BONJOUR, ENSGSI \u2013 University of Lorraine, France<\/li>\n<li>Robert BOUTE, KU Leuven, Belgium<\/li>\n<li>Xavier BRUSSET, SKEMA Business School, France<\/li>\n<li>Patricia Alcantara CARDOSO, Universidade Federal do Esp\u00edrito Santo, Brazil<\/li>\n<li>Kah Hin CHAI, National University of Singapore, Singapore<\/li>\n<li>Aur\u00e9lie CHARLES, University of Lyon France, France<\/li>\n<li>Elyn Solano CHARRIS, Universidad de La Sabana, Columbia<\/li>\n<li>Anis CHELBI, University of Tunis, Tunisia<\/li>\n<li>Christine DI MARTINELLY, IESEG School of Management, France<\/li>\n<li>Dr. Jose Arturo Garza-Reyes, The University of Derby, UK<\/li>\n<li><span style=\"display: inline !important; float: none; background-color: transparent; color: #333333; font-family: Georgia,'Times New Roman','Bitstream Charter',Times,serif; font-size: 16px; font-style: normal; font-variant: normal; font-weight: 400; letter-spacing: normal; line-height: 24px; orphans: 2; text-align: left; text-decoration: none; text-indent: 0px; text-transform: none; -webkit-text-stroke-width: 0px; white-space: normal; word-spacing: 0px; word-wrap: break-word;\">Hamed Shakouri <\/span>GANJAVI , University of Tehran, Iran<\/li>\n<li><span style=\"display: inline !important; float: none; background-color: transparent; color: #333333; cursor: text; font-family: Georgia,'Times New Roman','Bitstream Charter',Times,serif; font-size: 16px; font-style: normal; font-variant: normal; font-weight: 400; letter-spacing: normal; orphans: 2; text-align: left; text-decoration: none; text-indent: 0px; text-transform: none; -webkit-text-stroke-width: 0px; white-space: normal; word-spacing: 0px;\">Laurent<\/span> ENESTE , Institut National Polytechnique de Toulouse &#8211; Ecole Nationale d&#8217;Ing\u00e9nieurs de Tarbes, France<\/li>\n<li>Ali GHARBI, ETS Montreal, Canada<\/li>\n<li><span style=\"display: inline !important; float: none; background-color: transparent; color: #333333; font-family: Georgia,'Times New Roman','Bitstream Charter',Times,serif; font-size: 16px; font-style: normal; font-variant: normal; font-weight: 400; letter-spacing: normal; line-height: 24px; orphans: 2; text-align: left; text-decoration: none; text-indent: 0px; text-transform: none; -webkit-text-stroke-width: 0px; white-space: normal; word-spacing: 0px; word-wrap: break-word;\">Bernard <\/span>GRABOT , Institut National Polytechnique de Toulouse &#8211; Ecole Nationale d&#8217;Ing\u00e9nieurs de Tarbes, France<\/li>\n<li><span style=\"display: inline !important; float: none; background-color: transparent; color: #333333; font-family: Georgia,'Times New Roman','Bitstream Charter',Times,serif; font-size: 16px; font-style: normal; font-variant: normal; font-weight: 400; letter-spacing: normal; line-height: 24px; orphans: 2; text-align: left; text-decoration: none; text-indent: 0px; text-transform: none; -webkit-text-stroke-width: 0px; white-space: normal; word-spacing: 0px; word-wrap: break-word;\">Elise <\/span>GRUHIER , University of Bordeaux France, France<\/li>\n<li>Bhaskar GARDAS, Veermata Jijabai Technological Institute, India<\/li>\n<li>Vastag GYULA, Sz\u00e9chenyi Istv\u00e1n University, Hungary<\/li>\n<li>Marc Haddad, Lebanese American University, Lebanon<\/li>\n<li>Khaled HADJ HAMMOU, Institut National des Sciences Appliqu\u00e9es de Lyon, France<\/li>\n<li>Ramzi HAMMAMI, ESC Rennes School of Business, France<\/li>\n<li>Alaa HASSAN, University of Lorraine, France<\/li>\n<li>Petri HELO, University of Vaasa, Finland<\/li>\n<li>Lazhar HOMRI, Arts et M\u00e9tiers ParisTech, France<\/li>\n<li>Lars HVAM, Technical University of Denmark, Denmark<\/li>\n<li>Emmanuel HYON, Sorbonne Universit\u00e9 &#8211; LIP6, France<\/li>\n<li>Peter JACOBSEN, Technical University of Denmark, Denmark<\/li>\n<li>Daouda KAMISSOKO, IMT Mines Albi, France<\/li>\n<li>\u00d6zge Karanfil, Ko\u00e7 \u00dcniversitesi, Turkey<\/li>\n<li>Laoucine KERBACHE, HEC Paris, France<\/li>\n<li>Javad KHAMISABADI, Islamic Azad University, Iran<\/li>\n<li>Reza Ramazani KHORSHID-DOUST, Amirkabir University of Technology, Iran<\/li>\n<li>Nathalie KLEMENT, Arts et M\u00e9tiers ParisTech, France<\/li>\n<li>Anil Kumar, University of Derby, UK<\/li>\n<li>Arun KUMAR, RMIT University, Australia<\/li>\n<li>Vikas KUMAR, University pf the West England, UK<\/li>\n<li>Elmar KUTSCH, Cranfield University, UK<\/li>\n<li>Samir LAMOURI, ENSAM Arts et M\u00e9tiers ParisTech, France<\/li>\n<li>Carman LEE, Hong Kong Polytechnic University, Hong Kong<\/li>\n<li>Danping LIN, Shanghai Maritime University, China<\/li>\n<li>Chrity Yaqiong LV, Wuhan University of Technology, China<\/li>\n<li>Lahcen MIFDAL, Universiapolis Agadir, Morocco<\/li>\n<li>Mehrdad MOHAMMADI, IMT Atlantique, France<\/li>\n<li>Seyed Meysam MOUSAVI, Shahed University, Iran<\/li>\n<li>Simon Peter Nadeem, University of Derby, UK<\/li>\n<li>Balkrishna NARKHEDE, National Institute of Industrial Engineering, India<\/li>\n<li>Banu OZKESER, KOLUMAN Industry Automotive, Turkey<\/li>\n<li>Maurice PILLET, Universit\u00e9 de Savoie Mont Blanc, France<\/li>\n<li>Rakesh RAUT, National Institute of Industrial Engineering, India<\/li>\n<li>Nidhal REGZ, University of Lorraine, France<\/li>\n<li>Luis Rocha-Lona, Instituto Politecnico Nacional, Mexico<\/li>\n<li>Turki SADOK, University of Lorraine, France<\/li>\n<li>J\u00e9r\u00e9mie SCHUTZ, University of Lorraine, France<\/li>\n<li>Sara SHAFIEE, Technical University of Denmark, Denmark<\/li>\n<li>Shakouri G. Hamed, University of Tehran, Iran<\/li>\n<li>Dellagi SOFIENE, University of Lorraine, France<\/li>\n<li>Reza TAVAKKOLI-MOGHADDAM, University of Tehran, Iran<\/li>\n<li>Ayeley TCHANGANI, Institut National Polytechnique de Toulouse &#8211; Ecole Nationale d&#8217;Ing\u00e9nieurs de Tarbes, France<\/li>\n<li>Norbert TRAUTMANN, University of Bern, Switzerland<\/li>\n<li>Jiri TUPA, University of West Bohemia, Czech Republic<\/li>\n<li>Yazg\u0131 T\u00dcT\u00dcNC\u00dc, Izmir University of Economics, Turkey<\/li>\n<li>Eric VILLENEUVE, Ecole Sup\u00e9rieure des Technologies Industrielles Avanc\u00e9es, France<\/li>\n<li>Junqiang WANG, Northwestern Polytechnic University, China<\/li>\n<li>Yue WANG, Hang Seng Management College, Hong Kong<\/li>\n<li>Yong WU, Griffith University, Australia<\/li>\n<li>Christoph WUNCK, Jade University of Applied Sciences, Germany<\/li>\n<li>Esma YAHIA, Arts et M\u00e9tiers ParisTech, France<\/li>\n<li>Bingwen YAN, Cape Peninsula University of Technology, South Africa<\/li>\n<li>Marc ZOLGHADRI, Ecole des Ing\u00e9nieurs en M\u00e9canique de Paris, France<\/li>\n<li>Funlade Sunmola , University of Hertfordshire, Hatfield, UK<\/li>\n<li>Dr.\u00a0Ali MOSTAFAEIPOUR<em>,<\/em>\u00a0Industrial Engineering Department, Yazd University, Iran<\/li>\n<\/ul>\n<hr \/>\n<p><strong><span style=\"color: #0000ff;\">European Academic Committee (EAC)<\/span><br \/>\n<\/strong><\/p>\n<ul>\n<li>Jaouad Boukachour, University of Le Havre, France<\/li>\n<li>Andrea D&#8217;Ariano, Dipartimento di Ingegneria, Universit\u00e0 degli Studi Roma Tre, Roma, Italia<\/li>\n<li>\u00d6mer Faruk Y\u0131lmaz, Istanbul, Turkey<\/li>\n<li>Faraj Bashir, The University of Sheffield International College, Velocity Village, Sheffield, UK<\/li>\n<li>Sofiene Dellagi, LGIPM, METZ, France<\/li>\n<li>Arunjoy Banerjee, Hochschule Rhein-Wall, Kleve, Germany<\/li>\n<li>Yahaya Yusuf, Lancashire Business School, Lancashire, United Kingdom<\/li>\n<li>Abdul Salam Darwish, Phoenix Renewable Energy Centre, Manchester, UK<\/li>\n<li>Hakan Altunay, Department of Industrial Engineering, Suleyman Demirel University, Isparta, Turkey<\/li>\n<li>Stephen Disney, Logistics Systems Dynamics Group, Cardiff Business School, Cardiff University, UK<\/li>\n<li>Sam Aflaki, HEC Paris, JOUY-EN-JOSAS, Il de France, France<\/li>\n<li>Giovanni Romagnoli, Department of Engineering and Architecture, University of Parma, Italy<\/li>\n<li>Nihal ERG\u0130NEL, Industrial Engineering Department, Anadolu University, TURKEY<\/li>\n<li>Zeki Aya\u011f, Kadir Has University, Istanbul, Marmara, Turkey<\/li>\n<li>Ammar Oulamara, Universit\u00e9 de Lorraine, Metz, Lorraine, France<\/li>\n<li>R.M. Chandima Ratnayake, University of Stavanger, NORWAY<\/li>\n<li>Erwin Rauch, Free University of Bolzano, Bolzano, Italy<\/li>\n<li>Leonor Teixeira, University of Aveiro, Portugal<\/li>\n<li>Abdelkader Baaziz, Institut M\u00e9diterran\u00e9en des Sciences de l&#8217;Information et de la Communication, Marseille, France<\/li>\n<li>Nuno Costa, Polytechnic Institute- Setubal School Of Technology, Portugal<\/li>\n<li>Ant\u00f3nio Grilo, UNIDEMI &#8211; Research and Development Unit for Mechanical and Industrial Engineering, Faculdade de Ci\u00eancias e Tecnologia (FCT) da Universidade Nova de Lisboa, Portugal<\/li>\n<li>G\u00fcnd\u00fcz ULUSOY, Faculty of Engineering and Natural Sciences, Sabanci University, Istanbul, Turkey<\/li>\n<li>Wilfried Sihn, TU Wien &#8211; Institut f\u00fcr Managementwissenschaften, Bereich Betriebstechnik und Systemplanung and Fraunhofer Austria Research GmbH, Austria<\/li>\n<li>Uwe G\u00f6tze, Technische Universit\u00e4t Chemnitz, Chemnitz, Saxony, Germany<\/li>\n<li>Andy TC Wong, Dept. of Design Manufacture and Engineering Management (DMEM), \u00a0University of Strathclyde, Glasgow, UK<\/li>\n<li>Kondo H. Adjallah, ENIM, Lorraine-INP, University of Lorraine, France<\/li>\n<li>Ana S. Camanho, Industrial Engineering and Management, School of Engineering, University of Porto, Portugal<\/li>\n<li>George Agyekum-Mensah, Quantity Surveying and Project Management, Faculty of Engineering, Environment and Computing, School of Energy, Construction and Environment, Coventry University Coventry, UK<\/li>\n<li>Mehmet Kursat Oksuz, Department of Industrial Engineering, Istanbul Technical University, Turkey<\/li>\n<li>Virg\u00edlio Cruz Machado, UNIDEMI &#8211; Faculdade de Ci\u00eancias e Tecnologia, Universidade Nova de Lisboa, Portugal<\/li>\n<li>Nacima Labadie, Universit\u00e9 De Technologie De Troyes, Troyes, Cedex, Aube, France<\/li>\n<li>Yasmine Sabri, Dept of Management, Economics &amp; Industrial Engineering, School of Management, Politecnico di Milano, Italy<\/li>\n<li>Patrick Dallasega, Industrial Engineering and Automation, Faculty of Science and Technology, Free University of Bozen-Bolzano, Bozen, Bolzano, Italy<\/li>\n<li>Ana Lu\u00edsa Ramos, University of Aveiro, Portugal<\/li>\n<li>Flora M\u00aa D\u00edaz-P\u00e9rez, University of La Laguna, Tenerife, Spain<\/li>\n<li>Susana Duarte, Department of Mechanical and Industrial Engineering, Faculdade de Ci\u00eancias e Tecnologia, Universidade Nova de Lisboa, Portugal<\/li>\n<li>P. Sanjeevikumar, Dublin Institute of Technology, Ireland<\/li>\n<li>Vladimir Modrak, TUKE, Slovakia<\/li>\n<li>Boudouda Malik, University of Champagne-Ardenne, France<\/li>\n<li>Kannan Govindan, University of Southern Denmark, Denmark<\/li>\n<li>Vassilis Gerogiannis, Department of Project Management, Greece<\/li>\n<li>Miguel Sanz Bobi, Comillas Pontifical University, Spain<\/li>\n<li>Ali I. Al-Mosawi, Miskolic University, Faculty of Materials Science and Engineering, Hungary<\/li>\n<li>Salvatore Miranda, University of Salerno, Italy<\/li>\n<li>Fabio Frugiero, University of Basilicata, Italy<\/li>\n<li>Peter Toth, Trefort Agoston Centre for Engineering Education. Obuda University, Hungary<\/li>\n<li>Henk Zijm, Dutch Institute for Advanced Logistics, University of Twente, Netherlands<\/li>\n<li>Alfredo Soeiro, University of Porto, Portugal<\/li>\n<li>Yassine Ouazene, University of Technology of Troyes, France<\/li>\n<li>Matteo Mario Savino, University of Sannio, Benevento, Italy<\/li>\n<li>Murat Caner Testik, Hacettepe University, Turkey<\/li>\n<li>Patrick P\u00f6tters, Faculty of Operations Management, University of Applied Sciences Koblenz, Germany<\/li>\n<li>Nnamdi Ogbuke, University of Central Lancashire, Preston, Lancashire, United Kingdom<\/li>\n<li>Oualid Jouini, CentraleSup\u00e9lec, Universit\u00e9 Paris-Saclay, Laboratoire G\u00e9nie Industriel, France<\/li>\n<li>M. Khurshid Khan, University of Bradford, Bradford, West Yorkshire, United Kingdom<\/li>\n<li>Mouloud Dena\u00ef, University of Hertfordshire, Hatfield, Hertfordshire, United Kingdom<\/li>\n<li>Steve Martin, Coventry University, Coventry, West Midlands, United Kingdom<\/li>\n<li>Egon Mueller, Institut of Industrial Sciences and Factory Systems, Factory Planning and Factory Management, Technische Universit\u00e4t Chemnitz, Chemnitz, Germany<\/li>\n<li>Andr\u00e9 Mendes de Carvalho, MIT Portugal Program, University of Minho, Portugal<\/li>\n<li>Yiping Fang, Department of Industrial Engineering, CentraleSup\u00e9lec, B\u00e2timent Bouygues &#8211; Laboratoire LGI, Cedex, France<\/li>\n<li>Berna Dengiz, Engineering Faculty of Baskent University, Baglica Campus, Ankara, Turkey<\/li>\n<li>Ana R. Xambre of University of Aveiro, Portugal<\/li>\n<li>Dr. Nadjib Brahimi, Department of Supply Chain Management, Rennes School of Business, Cedex, France<\/li>\n<li>Dr. Mario Fargnoli, The Sapienza University of Rome, France<\/li>\n<li>Dr. Funlade Sunmola , University of Hertfordshire, Hatfield, Hertfordshire, United Kingdom<\/li>\n<li>Dr. Asl\u0131 \u00c7al\u0131\u015f Boyac\u0131, Ondokuz May\u0131s University, Samsun, Turkey<\/li>\n<li>Dr. Ahmet Boyaci, Hitit University, \u00c7orum, Turkey<\/li>\n<li>Dr. Vladim\u00edr Bure\u0161 from the faculty of Informatics and Management, University of Hradec Kr\u00e1lov\u00e9, Czechia<\/li>\n<li>Prof. Josef Basl, University of West Bohemia, Czech Republic<\/li>\n<li>Assoc. Prof. Michal Simon, University of West Bohemia, Czech Republic<\/li>\n<\/ul>\n<hr \/>\n<p><span style=\"color: #0000ff;\"><strong>European Industry Committee (EIC)<\/strong><\/span><\/p>\n<ul>\n<li>Rub\u00e9n Elvira-Herranz, Services Program Manager, Military Aircraft, Airbus, Madrid, Spain<\/li>\n<li>Adel Hejaaji, Engineering Services Management (ESM) Limited, Essex, UK<\/li>\n<li>Gerard O&#8217;Connor, Adelaide and Meath Hospital, Dublin, Ireland<\/li>\n<\/ul>\n<hr \/>\n<p><strong><span style=\"color: #0000ff;\">International Committee<\/span><br \/>\n<\/strong><\/p>\n<ul>\n<li>Eldon Caldwell, University of Costa Rica<\/li>\n<li>Mohammad Abdullah Shaikh, Deakin University, Australia<\/li>\n<li>Bhaskar Bhandarkar, Indian Institution of Industrial Engineering (IIIE), Mumbai, India<\/li>\n<li>Mohd Khairol Anuar bin Mohd Ariffin,Co-ordinator Master of Manufacturing System Engineering,Department of Mechanical and Manufacturing Engineering, Faculty of Engineering, University Putra Malaysia (UPM), Selangor, Malaysia<\/li>\n<li>Shekar Babu, AMRITA School of Business, AMRITA University, Bangalore, India<\/li>\n<li>Prof. M. Khurshid Khan, Vice Chancelor, Abdul Wali Khan University Mardan (AWKUM), Mardan, Khyber Pakhtunkhwa, Pakistan<\/li>\n<li>Mahdi Bashiri, Professor of Industrial Engineering, Shahed University, Tehran, Iran<\/li>\n<li>MELLAK Abderrahmane, Boumerdes University &#8211; Algeria<\/li>\n<li>Dr. Sumit Kumar Gupta, Dean of Science, Parishkar college of global Excellence Jaipur, India<\/li>\n<li>Dr. Sharif, Indian Institute of Technology (IIT) Kanpur (India)<\/li>\n<\/ul>\n<hr \/>\n<p>Contact: <a href=\"mailto:info@ieomsociety.org\">info@ieomsociety.org<\/a><\/p>\n","protected":false},"excerpt":{"rendered":"<p>Committee &#8211; 3rd EU Pilsen Conference Chairs Dr. Jiri Tupa, University of West Bohemia, Czech Republic Prof. Jose Arturo Garza-Reyes, University of Derby, UK Prof. Vikas Kumar, University of the West of England, UK Dr. Ahad Ali, Lawrence Technological University, Michigan, USA Program Chairs Dr. Zied Hajej, Associate Professor, LGIPM-University of Lorraine, Metz Cedex, France [&hellip;]<\/p>\n","protected":false},"author":1,"featured_media":0,"parent":0,"menu_order":0,"comment_status":"closed","ping_status":"closed","template":"","meta":{"footnotes":""},"class_list":["post-21","page","type-page","status-publish","hentry"],"_links":{"self":[{"href":"http:\/\/ieomsociety.org\/pilsen2019\/wp-json\/wp\/v2\/pages\/21"}],"collection":[{"href":"http:\/\/ieomsociety.org\/pilsen2019\/wp-json\/wp\/v2\/pages"}],"about":[{"href":"http:\/\/ieomsociety.org\/pilsen2019\/wp-json\/wp\/v2\/types\/page"}],"author":[{"embeddable":true,"href":"http:\/\/ieomsociety.org\/pilsen2019\/wp-json\/wp\/v2\/users\/1"}],"replies":[{"embeddable":true,"href":"http:\/\/ieomsociety.org\/pilsen2019\/wp-json\/wp\/v2\/comments?post=21"}],"version-history":[{"count":16,"href":"http:\/\/ieomsociety.org\/pilsen2019\/wp-json\/wp\/v2\/pages\/21\/revisions"}],"predecessor-version":[{"id":560,"href":"http:\/\/ieomsociety.org\/pilsen2019\/wp-json\/wp\/v2\/pages\/21\/revisions\/560"}],"wp:attachment":[{"href":"http:\/\/ieomsociety.org\/pilsen2019\/wp-json\/wp\/v2\/media?parent=21"}],"curies":[{"name":"wp","href":"https:\/\/api.w.org\/{rel}","templated":true}]}}