{"id":50,"date":"2017-01-15T16:40:03","date_gmt":"2017-01-15T16:40:03","guid":{"rendered":"http:\/\/ieomsociety.org\/ieom2018\/?page_id=50"},"modified":"2024-04-30T21:06:51","modified_gmt":"2024-04-30T21:06:51","slug":"industry-solutions","status":"publish","type":"page","link":"https:\/\/ieomsociety.org\/bogota2024\/industry-solutions\/","title":{"rendered":"Industry"},"content":{"rendered":"<h1 style=\"text-align: center;\"><strong><span style=\"color: #993300;\"><span style=\"color: #993300;\">IEOM Global Industry Solutions and Industry 4.0<\/span><\/span><\/strong><\/h1>\n<p style=\"text-align: center;\"><strong><span style=\"color: #ff00ff;\"><span style=\"color: #000000;\">Submission Link: <a href=\"https:\/\/www.xcdsystem.com\/IEOM\/abstract\/index.cfm?ID=6p9fihL\">https:\/\/www.xcdsystem.com\/IEOM\/abstract\/index.cfm?ID=6p9fihL<\/a><\/span><br \/>\n<\/span><span style=\"color: #ff00ff;\"><span style=\"color: #000000;\">Registration Link: <a href=\"https:\/\/www.xcdsystem.com\/IEOM\/attendee\/index.cfm?ID=89o1eoS\">https:\/\/www.xcdsystem.com\/IEOM\/attendee\/index.cfm?ID=89o1eoS<\/a><\/span><\/span><\/strong><\/p>\n<hr \/>\n<p>IEOM Industry 4,0 will have a dedicated focus on:<img decoding=\"async\" loading=\"lazy\" class=\"wp-image-1128 alignright\" src=\"http:\/\/ieomsociety.org\/detroit2020\/wp-content\/uploads\/2017\/01\/Industry-Solutions.png\" alt=\"\" width=\"495\" height=\"144\" srcset=\"https:\/\/ieomsociety.org\/bogota2024\/wp-content\/uploads\/2017\/01\/Industry-Solutions.png 1066w, https:\/\/ieomsociety.org\/bogota2024\/wp-content\/uploads\/2017\/01\/Industry-Solutions-300x87.png 300w, https:\/\/ieomsociety.org\/bogota2024\/wp-content\/uploads\/2017\/01\/Industry-Solutions-768x223.png 768w, https:\/\/ieomsociety.org\/bogota2024\/wp-content\/uploads\/2017\/01\/Industry-Solutions-1024x298.png 1024w, https:\/\/ieomsociety.org\/bogota2024\/wp-content\/uploads\/2017\/01\/Industry-Solutions-940x273.png 940w, https:\/\/ieomsociety.org\/bogota2024\/wp-content\/uploads\/2017\/01\/Industry-Solutions-620x180.png 620w, https:\/\/ieomsociety.org\/bogota2024\/wp-content\/uploads\/2017\/01\/Industry-Solutions-195x57.png 195w\" sizes=\"(max-width: 495px) 100vw, 495px\" \/><\/p>\n<ul>\n<li>Internet of Things (IoT)<\/li>\n<li>Artificial Intelligence (AI)<\/li>\n<li>Big Data<\/li>\n<li>Data Analytics<\/li>\n<li>iCloud<\/li>\n<li>Cybersecurity<\/li>\n<li>Modeling, Simulation &amp; Visualization<\/li>\n<li>Industrial Automation<\/li>\n<li>Integrated Systems<\/li>\n<li>Manufacturing Execution Systems<\/li>\n<li>Digital Factory<\/li>\n<li>PLM<\/li>\n<li>Digital Twin<\/li>\n<li>Digital Manufacturing<\/li>\n<li>Smart Mobility and<\/li>\n<li>related topics<\/li>\n<\/ul>\n<p>IEOM Industry Solutions sessions will showcase the industrial case studies and their impacts of the industrial solutions using IE \/ OM tools and techniques (lean, six sigma, FMEA, simulation, design of experiments, optimization, TOC, PLM, CAE, statistical analysis, safety, reliability, etc.) IEOM 2024 Bogota Conference will have a dedicated session for the Industry Solutions where distinguished practitioners provide their presentations including their experiences and journey to be successful. Fifteen featured speakers will be from various part of the world to address industrial challenges and opportunities for continuous improvement and sustainability. Each speaker needs to submit a title of the talk, abstract and a short bio as well as power point presentation prior to the conference. If you are interested to be an industry speaker, please contact <a href=\"mailto:info@ieomsociety.org\">info@ieomsociety.org<\/a> for details.<span style=\"color: #000000;\">\u00a0<\/span><\/p>\n<hr \/>\n<p style=\"text-align: center;\"><strong>All speakers need to register for the 5th South American IEOM Bogota Conference. Please pay your registration fee<\/strong>\u00a0<span style=\"color: #ff6600;\"><strong>ONLINE: <\/strong><\/span><a href=\"https:\/\/www.xcdsystem.com\/IEOM\/attendee\/index.cfm?ID=jzpjeHF\"><span style=\"color: #3366ff;\"><strong>https:\/\/www.xcdsystem.com\/IEOM\/attendee\/index.cfm?ID=jzpjeHF<\/strong><\/span><\/a><\/p>\n<hr \/>\n<h1 style=\"text-align: center;\">\u00a0<span style=\"color: #993300;\"><span style=\"color: #993300;\">Distinguished Speakers<\/span><\/span><\/h1>\n<hr \/>\n<h2 style=\"text-align: center;\"><strong>May 8, Wednesday<\/strong><\/h2>\n<h2 style=\"text-align: center;\"><span style=\"color: #993300;\"><strong>Industry Solutions<\/strong><\/span><\/h2>\n<p style=\"text-align: center;\"><strong>8:00 &#8211; 9:45 am &#8211; Meeting Room 1 (Onsite)<\/strong><br \/>\n<strong>Session Chair:\u00a0<\/strong><strong>Dr. Rodrigo Luiz Gigante<\/strong><\/p>\n<p><span style=\"color: #0000ff;\"><strong>8:00 am &#8211; 8:20 am (Wednesday, May 8)<\/strong><\/span><\/p>\n<h3><span style=\"color: #ff6600;\"><strong><img decoding=\"async\" loading=\"lazy\" class=\"wp-image-2262 alignleft\" src=\"http:\/\/ieomsociety.org\/bogota2024\/wp-content\/uploads\/2024\/02\/bg5.png\" alt=\"\" width=\"224\" height=\"265\" srcset=\"https:\/\/ieomsociety.org\/bogota2024\/wp-content\/uploads\/2024\/02\/bg5.png 647w, https:\/\/ieomsociety.org\/bogota2024\/wp-content\/uploads\/2024\/02\/bg5-254x300.png 254w, https:\/\/ieomsociety.org\/bogota2024\/wp-content\/uploads\/2024\/02\/bg5-620x733.png 620w, https:\/\/ieomsociety.org\/bogota2024\/wp-content\/uploads\/2024\/02\/bg5-165x195.png 165w\" sizes=\"(max-width: 224px) 100vw, 224px\" \/>Iv\u00e1n Andr\u00e9s Ram\u00edrez Pinz\u00f3n<br \/>\n<span style=\"font-size: revert;\">Associate Professor<br \/>\n<\/span>Postdoctoral Researcher<\/strong><\/span><br \/>\n<span style=\"color: #ff6600;\"><strong>Advisor<br \/>\nBogota, Colombia<\/strong><\/span><\/h3>\n<p><strong>\u00a0<\/strong><strong>Presentation Title: Telecommunications Infrastructure and Information Regime<\/strong><\/p>\n<p>Doctor in Information Sciences (UFRJ IBICT), master\u2019s in economics (Javeriana University), and Economist (USTA) with over 17 years of experience in information analysis and management. Knowledgeable in market regulation and the ecosystem of digital economy and innovation. Postdoctoral Researcher at the GECCIT GROUP UFPA Brazil. Professor of undergraduate and graduate studies at various universities in Colombia. Iv\u00e1n has served as an advisor in the public and private sectors in areas such as information systems, market regulation, innovation, and technical oversight.<\/p>\n<hr \/>\n<p><span style=\"color: #0000ff;\"><strong>8:20 am &#8211; 8:40 am (Wednesday, May 8)<\/strong><\/span><\/p>\n<h3><strong><span style=\"color: #ff6600;\">Miryam Liliana Chaves Acero<\/span><\/strong><br \/>\n<strong><span style=\"color: #ff6600;\">Doctora en Ingenier\u00eda Mec\u00e1nica y Fabricaci\u00f3n<\/span><\/strong><br \/>\n<strong><span style=\"color: #ff6600;\">Experta en Inteligencia Artificial aplicada a procesos y neurociencias<\/span><\/strong><br \/>\n<strong><span style=\"color: #ff6600;\">Fundaci\u00f3n Universitaria Internacional de La Rioja (UNIR)<\/span><\/strong><br \/>\n<strong><span style=\"color: #ff6600;\">Bogota, Colombia<\/span><\/strong><\/h3>\n<hr \/>\n<p><span style=\"color: #0000ff;\"><strong>8:40 am &#8211; 9:00 am (Wednesday, May 8)\u00a0<\/strong><\/span><\/p>\n<h3><span style=\"color: #ff6600;\"><strong>Dr. Rodrigo Luiz Gigante<\/strong><\/span><br \/>\n<span style=\"color: #ff6600;\"><strong>Coordinator of Production Engineering<\/strong><\/span><br \/>\n<span style=\"color: #ff6600;\"><strong>FACENS University<\/strong><\/span><br \/>\n<span style=\"color: #ff6600;\"><strong>Sorocaba, SP, Brazil<\/strong><\/span><\/h3>\n<hr \/>\n<p><span style=\"color: #0000ff;\"><strong>9:00 am &#8211; 9:20 am (Wednesday, May 8)<\/strong><\/span><\/p>\n<hr \/>\n<p><span style=\"color: #0000ff;\"><strong>9:20 am &#8211; 9:40 am (Wednesday, May 8)\u00a0<\/strong><\/span><\/p>\n<h3><span style=\"color: #ff6600;\"><strong>Aracelli Centeno Sanchez<br \/>\n<\/strong><strong>Business Process Manager<br \/>\n<\/strong><strong>Cleaning and Beauty Products<br \/>\n<\/strong><strong>Peru<\/strong><strong>\u00a0<\/strong><\/span><\/h3>\n<p><strong>Bio<\/strong><strong style=\"font-size: revert; color: initial;\">\u00a0<\/strong><\/p>\n<p>Informatics Engineering of University of Ricardo Palma, with specializations in Business Process Management, Risk Management, Project Management and Data Analytics, with master\u2019s in business administration at University of Illinois Urbana Champaign. In 15 years of experience in information analytics, business process, process improvement project. Business Practice Consulting, data analysis, and insight identification and analysis. I have worked in industries such as technology, bank, government, transportation and pharmaceutical. I have been participated in process improvement teams, business, improvement project assessment, I know the business core and I have given recommendations to implement in the short and medium time.<\/p>\n<hr \/>\n<p style=\"text-align: center;\">If you have any question about IEOM Conference and\/or IEOM Society, please contact: <a href=\"mailto:info@ieomsociety.org\">info@ieomsociety.org<\/a>.<\/p>\n","protected":false},"excerpt":{"rendered":"<p>IEOM Global Industry Solutions and Industry 4.0 Submission Link: https:\/\/www.xcdsystem.com\/IEOM\/abstract\/index.cfm?ID=6p9fihL Registration Link: https:\/\/www.xcdsystem.com\/IEOM\/attendee\/index.cfm?ID=89o1eoS IEOM Industry 4,0 will have a dedicated focus on: Internet of Things (IoT) Artificial Intelligence (AI) Big Data Data Analytics iCloud Cybersecurity Modeling, Simulation &amp; Visualization Industrial Automation Integrated Systems Manufacturing Execution Systems Digital Factory PLM Digital Twin Digital Manufacturing Smart Mobility [&hellip;]<\/p>\n","protected":false},"author":1,"featured_media":0,"parent":0,"menu_order":0,"comment_status":"closed","ping_status":"closed","template":"","meta":[],"_links":{"self":[{"href":"https:\/\/ieomsociety.org\/bogota2024\/wp-json\/wp\/v2\/pages\/50"}],"collection":[{"href":"https:\/\/ieomsociety.org\/bogota2024\/wp-json\/wp\/v2\/pages"}],"about":[{"href":"https:\/\/ieomsociety.org\/bogota2024\/wp-json\/wp\/v2\/types\/page"}],"author":[{"embeddable":true,"href":"https:\/\/ieomsociety.org\/bogota2024\/wp-json\/wp\/v2\/users\/1"}],"replies":[{"embeddable":true,"href":"https:\/\/ieomsociety.org\/bogota2024\/wp-json\/wp\/v2\/comments?post=50"}],"version-history":[{"count":105,"href":"https:\/\/ieomsociety.org\/bogota2024\/wp-json\/wp\/v2\/pages\/50\/revisions"}],"predecessor-version":[{"id":2526,"href":"https:\/\/ieomsociety.org\/bogota2024\/wp-json\/wp\/v2\/pages\/50\/revisions\/2526"}],"wp:attachment":[{"href":"https:\/\/ieomsociety.org\/bogota2024\/wp-json\/wp\/v2\/media?parent=50"}],"curies":[{"name":"wp","href":"https:\/\/api.w.org\/{rel}","templated":true}]}}