{"id":26,"date":"2017-01-15T14:12:24","date_gmt":"2017-01-15T14:12:24","guid":{"rendered":"http:\/\/ieomsociety.org\/ieom2018\/?page_id=26"},"modified":"2024-06-29T04:58:03","modified_gmt":"2024-06-29T04:58:03","slug":"committee","status":"publish","type":"page","link":"https:\/\/ieomsociety.org\/germany2024\/committee\/","title":{"rendered":"Committee"},"content":{"rendered":"<h1 style=\"text-align: center;\"><strong><span style=\"color: #993300;\">Conference Committee<\/span><\/strong><\/h1>\n<p style=\"text-align: center;\"><strong>Registration to join: <a href=\"https:\/\/www.xcdsystem.com\/IEOM\/attendee\/index.cfm?ID=LAWNZKX\">https:\/\/www.xcdsystem.com\/IEOM\/attendee\/index.cfm?ID=LAWNZKX<\/a><\/strong><\/p>\n<hr \/>\n<h3><span style=\"color: #ff6600;\"><strong>Conference Chairs \/ Organizing Committee<\/strong><\/span><\/h3>\n<ul>\n<li>Dr.-Ing. J\u00fcrgen H. Lenz \u2013 Faculty of Mechanical and Process Engineering, Technical University of Applied\u00a0Science Augsburg,\u00a0Augsburg, Bavaria, Germany<\/li>\n<li>Dr. Florian Kerber \u2013 Faculty of Electrical Engineering, Technical University of Applied\u00a0Science Augsburg,\u00a0Augsburg, Bavaria, Germany<\/li>\n<li>Dr.-Ing.\u00a0Stefan Braunreuther \u2013 Faculty of Mechanical and Process Engineering, Technical University of Applied\u00a0Science Augsburg,\u00a0Augsburg, Bavaria, Germany<\/li>\n<li>Dr. mont. Helmut Wieser \u2013 Faculty of Mechanical and Process Engineering, Technical University of Applied\u00a0Science Augsburg,\u00a0Augsburg, Bavaria, Germany<\/li>\n<li>Ahad Ali, Associate Professor, Director of Industrial Engineering Program, Lawrence Technological University, Southfield, Michigan, USA<\/li>\n<\/ul>\n<hr \/>\n<h3><span style=\"color: #ff6600;\"><strong>Program Committee<\/strong><\/span><\/h3>\n<ul>\n<li>Professor Don Reimer, COO, IEOM Society<\/li>\n<li>Dr. Linda Zhang, IESEG, France<\/li>\n<li>Dr. Mario, Italy<\/li>\n<li>Dr. Susana, FCT, Portugal<\/li>\n<li>Dr. Helena, FCT, Portugal<\/li>\n<li>Dr. Jose, University of Derby, UK<\/li>\n<li>Dr. Vikas Kumar, BCU, UK<\/li>\n<li>Dr. Jiri Tupa, Czech Republic<\/li>\n<li>Dr. Matteo, Italy<\/li>\n<li>Dr. Mukti M. Rana, Delaware State University, Dover, DE, USA<\/li>\n<\/ul>\n<hr \/>\n<h3><strong><span style=\"color: #ff6600;\">Technical Committee (TC)<\/span><\/strong><\/h3>\n<p>From Germany<\/p>\n<ul>\n<li>J\u00fcrgen Lenz, Technical University of Applied Sciences Augsburg<\/li>\n<li>Florian Kerber, Technical University of Applied Sciences Augsburg<\/li>\n<li>Stefan Braunreuther, Technical University of Applied Sciences Augsburg<\/li>\n<li>Helmut Wieser, Technical University of Applied Sciences Augsburg<\/li>\n<li>Gordon Thomas Rohrmair, Technical University of Applied Sciences Augsburg<\/li>\n<li>Nadine Warkotsch, Technical University of Applied Sciences Augsburg<\/li>\n<li>Neven Maji\u0107, Technical University of Applied Sciences Augsburg<\/li>\n<li>Andr\u00e9 Baeten, Technical University of Applied Sciences Augsburg<\/li>\n<li>Mesut Cetin, Technical University of Applied Sciences Augsburg<\/li>\n<li>Matthias Kurze, Technical University of Applied Sciences Augsburg<\/li>\n<li>Simone Kubowitsch, Technical University of Applied Sciences Augsburg<\/li>\n<li>Peter Cocron, Technical University of Applied Sciences Augsburg<\/li>\n<li>Arne Mayer, Technical University of Applied Sciences Augsburg<\/li>\n<li>Marcel \u00d6fele, Technical University of Applied Sciences Augsburg<\/li>\n<li>David Rottenegger, Technical University of Applied Sciences Augsburg<\/li>\n<li>Alexandra Klein, Technical University of Applied Sciences Augsburg<\/li>\n<li>Teresa Herzgsell, Technical University of Applied Sciences Augsburg<\/li>\n<li>Jessica H\u00f6velborn, Technical University of Applied Sciences Augsburg<\/li>\n<li>Peter Eichinger, Aalen University<\/li>\n<li>Markus Gl\u00fcck, Aalen University<\/li>\n<li>Mahyar Mahinzaeim, Aalen University<\/li>\n<li>Dominik Lucke, Reutlingen University<\/li>\n<li>Holger Timinger, University of Applied Sciences Landshut<\/li>\n<li>Carsten Hahn, Karlsruhe University of Applied Sciences<\/li>\n<li>Patrick Brecht, Karlsruhe University of Applied Sciences<\/li>\n<li>G\u00fcnther Benstetter, Deggendorf Institute of Technology<\/li>\n<li>Kristina Wanieck, Deggendorf Institute of Technology<\/li>\n<li>Albert Albers, Institute of Product Engineering, Karlsruhe Institute of Technology<\/li>\n<li>Carsten Th\u00fcmmel, Institute of Product Engineering, Karlsruhe Institute of Technology<\/li>\n<li>Annika Bastian, Institute of Product Engineering, Karlsruhe Institute of Technology<\/li>\n<li>Danieli Braun Vargas, Institute for Technology Assessment and Systems Analysis, Karlsruhe Institute of Technology<\/li>\n<li>Tobias Leopold, Esslingen University of Applied Sciences<\/li>\n<\/ul>\n<p>From International<\/p>\n<ul>\n<li>Alaa Hassan, University of Lorraine, France<\/li>\n<li>Ali Gharbi, ETS Montreal, Canada<\/li>\n<li>Anis Chelbi, University of Tunis, Tunis<\/li>\n<li>Armand Baboli, INSA Lyon, France<\/li>\n<li>Arun Kumar, RMIT University, Australia<\/li>\n<li>Aur\u00e9lie Charles, University of Lyon France, France<\/li>\n<li>Ayeley Tchangani, Institut National Polytechnique de Toulouse \u2013 Ecole Nationale d\u2019Ing\u00e9nieurs de Tarbes, France<\/li>\n<li>Balkrishna Narkhede, National Institute of Industrial Engineering, India<\/li>\n<li>Banu Ozkeser, KOLUMAN Industry Automotive, Turkey<\/li>\n<li>Bassetto Samuel, Ecole Polytechnique, Canada<\/li>\n<li>Bernard Grabot, Institut National Polytechnique de Toulouse \u2013 Ecole Nationale d\u2019Ing\u00e9nieurs de Tarbes, France<\/li>\n<li>Bhaskar Gardas, Veermata Jijabai Technological Institute, India<\/li>\n<li>Bingwen Yan, Cape Peninsula University of Technology, South Africa<\/li>\n<li>Carman Lee, Hong Kong Polytechnic University, Hong Kong<\/li>\n<li>Cedrick Beler, Institut National Polytechnique de Toulouse \u2013 Ecole Nationale d\u2019Ing\u00e9nieurs de Tarbes, France<\/li>\n<li>Charris Elyn Solano, Universidad de La Sabana, Colombia<\/li>\n<li>Christine Di Martinelly, IESEG School of Management, France<\/li>\n<li>Danping Lin, Shanghai Maritime University, China<\/li>\n<li>Daouda Kamissoko, IMT Mines Albi, France<\/li>\n<li>Dellagi Sofiene, University of Lorraine, France<\/li>\n<li>Elise Gruhier, University of Bordeaux France, France<\/li>\n<li>Elmar Kutsch, Cranfield University, UK<\/li>\n<li>Emmanuel Hyon, Sorbonne Universit\u00e9 \u2013 LIP6, France<\/li>\n<li>Eric Bonjour, ENSGSI \u2013 University of Lorraine, France<\/li>\n<li>Eric Villeneuve, Ecole Sup\u00e9rieure des Technologies Industrielles Avanc\u00e9es, France<\/li>\n<li>Esma Yahia, Arts et M\u00e9tiers ParisTech, France<\/li>\n<li>Hammou Khaled Hadj, Institut National des Sciences Appliqu\u00e9es de Lyon, France<\/li>\n<li>J\u00e9r\u00e9mie Schutz, University of Lorraine, France<\/li>\n<li>Junqiang Wang, Northwestern Polytechnic University, China<\/li>\n<li>Kah Hin Chai, National University of Singapore, Singapore<\/li>\n<li>Lahcen Mifdal, Universiapolis Agadir, Morocco<\/li>\n<li>Laoucine Kerbache, HEC Paris, France<\/li>\n<li>Lars Hvam, Technical University of Denmark, Denmark<\/li>\n<li>Laurent Geneste, Institut National Polytechnique de Toulouse \u2013 Ecole Nationale d\u2019Ing\u00e9nieurs de Tarbes, France<\/li>\n<li>Lazhar Homri, Arts et M\u00e9tiers ParisTech, France<\/li>\n<li>Marc Zolghadri, Ecole des Ing\u00e9nieurs en M\u00e9canique de Paris, France<\/li>\n<li>Maurice Pillet, Universit\u00e9 de Savoie Mont Blanc, France<\/li>\n<li>Mehrdad Mohammadi, IMT Atlantique, France<\/li>\n<li>Michel Aldanondo, Ecole des Mine d\u2019Albi, France<\/li>\n<li>Nathalie Klement, Arts et M\u00e9tiers ParisTech, France<\/li>\n<li>Nidhal Regz, University of Lorraine, France<\/li>\n<li>Norbert Trautmann, University of Bern, Switzerland<\/li>\n<li>Patricia Alcantara Cardoso, Universidade Federal do Esp\u00edrito Santo, Brazil<\/li>\n<li>Peter Jacobsen, Technical University of Denmark, Denmark<\/li>\n<li>Petri Helo, University of Vaasa, Finland<\/li>\n<li>Philipp Baumann, University of Bern, Switzerland<\/li>\n<li>Rakesh Raut, National Institute of Industrial Engineering, India<\/li>\n<li>Ramzi Hammami, ESC Rennes School of Business, France<\/li>\n<li>Robert Boute, KU Leuven, Belgium<\/li>\n<li>Samir Lamouri, ENSAM Arts et M\u00e9tiers ParisTech, France<\/li>\n<li>Sara Shafiee, Technical University of Denmark, Denmark<\/li>\n<li>Turki Sadok, University of Lorraine, France<\/li>\n<li>Vastag Gyula, Sz\u00e9chenyi Istv\u00e1n University, Hungary<\/li>\n<li>Xavier Brusset, SKEMA Business School, France<\/li>\n<li>Yaqiong Lv Chrity, Wuhan University of Technology, China<\/li>\n<li>Yazg\u0131 T\u00fct\u00fcnc\u00fc, Izmir University of Economics, Turkey<\/li>\n<li>Yong Wu, Griffith University, Australia<\/li>\n<li>Yue Wang, Hang Seng Management College, Hong Kong<\/li>\n<\/ul>\n<hr \/>\n<h3><strong><span style=\"color: #ff6600;\">European Academic Committee (EAC)<\/span><\/strong><\/h3>\n<ul>\n<li>Alexandra Tenera, FCT NOVA, Portugal<\/li>\n<li>Alfredo Soeiro, University of Porto, Portugal<\/li>\n<li>Ali I. Al-Mosawi, Miskolic University, Hungary<\/li>\n<li>Ammar Oulamara, Universit\u00e9 de Lorraine, Metz, Lorraine, France<\/li>\n<li>Ana Barbosa-P\u00f3voa, University of Lisboa, Portugal<\/li>\n<li>Ana Lu\u00edsa Ramos, University of Aveiro, Portugal<\/li>\n<li>Ana R. Xambre of University of Aveiro, Portugal<\/li>\n<li>Ana S. Camanho, University of Porto, Portugal<\/li>\n<li>Ana Sofia Matos, FCT NOVA, Portugal<\/li>\n<li>Andr\u00e9 Carvalho, FCT NOVA, Portugal<\/li>\n<li>Andr\u00e9 Mendes de Carvalho, University of Minho, Portugal<\/li>\n<li>Andrea D\u2019Ariano, Universit\u00e0 degli Studi Roma Tre, Roma, Italy<\/li>\n<li>Andrea Falegnami, Sapienza-University of Rome, Italy<\/li>\n<li>Andreas Sterzing, Fraunhofer Institute for Machine Tools and Forming Technology, Fraunhofer Institute, Chemnitz, Germany<\/li>\n<li>Andy TC Wong, University of Strathclyde, Glasgow, UK<\/li>\n<li>Aneesh Zutshi, FCT NOVA, Portugal<\/li>\n<li>Anouar Hallioui, Sidi Mohamed Ben Abdellah University, Fez, Morocco<\/li>\n<li>Ant\u00f3nio Grilo, FCT da Universidade Nova de Lisboa, Portugal<\/li>\n<li>Arunjoy Banerjee, Hochschule Rhein-Wall, Kleve, Germany<\/li>\n<li>Asl\u0131 \u00c7al\u0131\u015f Boyac\u0131, Ondokuz May\u0131s University, Samsun, Turkey<\/li>\n<li>Berna Dengiz, Baskent University, Baglica Campus, Ankara, Turkey<\/li>\n<li>Boudouda Malik, University of Champagne-Ardenne, France<\/li>\n<li>Cecilia Decesari, Alma Mater Studiorum University of Bologna, Bologna, Italy<\/li>\n<li>Christoph Szedlak, University of Applied Sciences Koblenz, Koblenz, Germany<\/li>\n<li>Egon Mueller, Technische Universit\u00e4t Chemnitz, Chemnitz, Germany<\/li>\n<li>Erwin Rauch, Free University of Bolzano, Bolzano, Italy<\/li>\n<li>Fabio Frugiero, University of Basilicata, Italy<\/li>\n<li>Faraj Bashir, The University of Sheffield International College, Sheffield, UK<\/li>\n<li>Flora M\u00aa D\u00edaz-P\u00e9rez, University of La Laguna, Tenerife, Spain<\/li>\n<li>Francesco Costantino, Sapienza University of Rome, Italy<\/li>\n<li>Francesco Simone, Sapienza University of Rome, Via Eudossiana, Rome, Italy<\/li>\n<li>Francisco Reis, Polytechnic of Porto, Porto, Portugal<\/li>\n<li>Frederik Desplentere, KU Leuven Bruges Campus, Bruges, Belgium<\/li>\n<li>Funlade Sunmola, University of Hertfordshire, Hatfield, Hertfordshire, United Kingdom<\/li>\n<li>George Agyekum-Mensah, Coventry University Coventry, UK<\/li>\n<li>Gian Maria Santi, Alma Mater Studiorum University of Bologna, Bologna, Italy<\/li>\n<li>Giovanni Romagnoli, University of Parma, Italy<\/li>\n<li>Giulio Di Gravio, Sapienza University of Rome, Italy<\/li>\n<li>G\u00fcnd\u00fcz Ulusoy, Sabanci University, Istanbul, Turkey<\/li>\n<li>Hafida Bouloiz, ENSA, Agadir, Morocco<\/li>\n<li>Hakan Altunay, Suleyman Demirel University, Isparta, Turkey<\/li>\n<li>Helena Carvalho, FCT NOVA, Portugal<\/li>\n<li>Henk Zijm, Dutch Institute for Advanced Logistics, University of Twente, Netherlands<\/li>\n<li>Ihssen Abdelmomen, Universit\u00e9 de Lorraine, Nancy, France<\/li>\n<li>Imane Benkhati. Facult\u00e9 des Sciences Semlalia Marrakech, Casablanca, Morocco<\/li>\n<li>Iryna Shvets, Donetsk National Technical University, Pokrovsk, Ukraine<\/li>\n<li>Jaouad Boukachour, University of Le Havre, France<\/li>\n<li>Jiri Tupa, University of West Bohemia, Czech Republic<\/li>\n<li>Jo\u00e3o Basto, INESC TEC \u2013 Technology and Science, Porto, Portugal<\/li>\n<li>Jo\u00e3o Matias, University of Aveiro, Portugal<\/li>\n<li>Jos\u00e9 Fernando Oliveira, University of Porto, Portugal<\/li>\n<li>Kannan Govindan, University of Southern Denmark, Denmark<\/li>\n<li>Kondo H. Adjallah, ENIM, Lorraine-INP, University of Lorraine, France<\/li>\n<li>Leonardo Frizziero, Alma Mater Studiorum University of Bologna, Italy<\/li>\n<li>Leonor Teixeira, University of Aveiro, Portugal<\/li>\n<li>Luis Ferreira, University of Coimbra, Portugal<\/li>\n<li>M Khurshid Khan, University of Bradford, Bradford, West Yorkshire, United Kingdom<\/li>\n<li>Mara Lombardi, Sapienza-University of Rome, Rome, Italy<\/li>\n<li>Mario Fargnoli, Universitas Mercatorum, Rome, Italy<\/li>\n<li>Marlene Br\u00e1s, University of Aveiro, Aveiro, Portugal<\/li>\n<li>Massimo Guarascio, Sapienza-University of Rome, Italy<\/li>\n<li>Matteo Mario Savino, University of Sannio, Benevento, Italy<\/li>\n<li>Matteo Mario Savino, University of Sannio, Benevento, Italy<\/li>\n<li>Mehmet Kursat Oksuz, Istanbul Technical University, Turkey<\/li>\n<li>Miguel Sanz Bobi, Comillas Pontifical University, Spain<\/li>\n<li>Mouloud Dena\u00ef, University of Hertfordshire, Hatfield, Hertfordshire, United Kingdom<\/li>\n<li>Murat Caner Testik, Hacettepe University, Turkey<\/li>\n<li>Nacima Labadie, Universit\u00e9 De Technologie De Troyes, Troyes, Cedex, Aube, France<\/li>\n<li>Nadjib Brahimi, Rennes School of Business, Cedex, France<\/li>\n<li>Naila Fares, Universitat Polit\u00e8cnica de Val\u00e8ncia, Spain<\/li>\n<li>Nihal Erginel, Anadolu University, TURKEY<\/li>\n<li>Nnamdi Ogbuke, University of Central Lancashire, Preston, Lancashire, United Kingdom<\/li>\n<li>Nuno Costa, Polytechnic Institute- Setubal School of Technology, Portugal<\/li>\n<li>Onur Dogan, \u0130zmir Bak\u0131r\u00e7ay University, Turkey<\/li>\n<li>Oualid Jouini, CentraleSup\u00e9lec, Universit\u00e9 Paris-Saclay, Laboratoire G\u00e9nie Industriel, France<\/li>\n<li>P Sanjeevikumar, Dublin Institute of Technology, Ireland<\/li>\n<li>Patrick Dallasega, Free University of Bozen-Bolzano, Bozen, Bolzano, Italy<\/li>\n<li>Patrick P\u00f6tters, University of Applied Sciences Koblenz, Germany<\/li>\n<li>Peter Toth, Obuda University, Hungary<\/li>\n<li>R.M. Chandima Ratnayake, University of Stavanger, NORWAY<\/li>\n<li>Rafiu Dimeji Seidu, London South Bank University, UK<\/li>\n<li>Ricardo Machado, University of Minho, Portugal<\/li>\n<li>Riccardo Patriarca, Sapienza University of Rome, Italy<\/li>\n<li>Robert Valencia-Chapi, Universidad Polit\u00e9cnica de Madrid, Madrid, Spain<\/li>\n<li>Roberto Panizzolo, University of Padova, Vicenza, Italy<\/li>\n<li>Rog\u00e9rio Puga Leal, FCT NOVA, Portugal<\/li>\n<li>Salvatore Miranda, University of Salerno, Italy<\/li>\n<li>Sam Aflaki, HEC Paris, JOUY-EN-JOSAS, Il de France, France<\/li>\n<li>Sara SHAFIEE, Technical University of Denmark, Lyngby, Denmark<\/li>\n<li>Silvia Colabianchi, Sapienza-University of Rome, Italy<\/li>\n<li>Sofiene Dellagi, LGIPM, METZ, France<\/li>\n<li>Stefano Scialla, Universit\u00e0 Campus Bio-medico di Roma, Italy<\/li>\n<li>Stephen Disney, Cardiff Business School, Cardiff University, UK<\/li>\n<li>Steve Martin, Coventry University, Coventry, West Midlands, United Kingdom<\/li>\n<li>Susana Duarte, Universidade Nova de Lisboa, Portugal<\/li>\n<li>Susana Duarte, Universidade NOVA de Lisboa, Portugal<\/li>\n<li>Ufuk Cebeci, Istanbul Technical University, Macka, Turkey<\/li>\n<li>Uwe G\u00f6tze, Technische Universit\u00e4t Chemnitz, Chemnitz, Saxony, Germany<\/li>\n<li>Vassilis Gerogiannis, Department of Project Management, Greece<\/li>\n<li>Virgilio Cruz Machado, FCT NOVA, Portugal<\/li>\n<li>Vladimir Modrak, TUKE, Slovakia<\/li>\n<li>Wilfried Sihn, TU Wien \u2013 Institut f\u00fcr Managementwissenschaften, Bereich Betriebstechnik und Systemplanung and Fraunhofer Austria Research GmbH, Austria<\/li>\n<li>Yahaya Yusuf, Lancashire Business School, Lancashire, United Kingdom<\/li>\n<li>Yasmine Sabri, Politecnico di Milano, Italy<\/li>\n<li>Yassine Ouazene, University of Technology of Troyes, France<\/li>\n<li>Yevgen Zbykovskyy, Donetsk National Technical University, Pokrovsk, Ukraine<\/li>\n<li>Yiping Fang, CentraleSup\u00e9lec, B\u00e2timent Bouygues \u2013 Laboratoire LGI, Cedex, France<\/li>\n<\/ul>\n","protected":false},"excerpt":{"rendered":"<p>Conference Committee Registration to join: https:\/\/www.xcdsystem.com\/IEOM\/attendee\/index.cfm?ID=LAWNZKX Conference Chairs \/ Organizing Committee Dr.-Ing. J\u00fcrgen H. Lenz \u2013 Faculty of Mechanical and Process Engineering, Technical University of Applied\u00a0Science Augsburg,\u00a0Augsburg, Bavaria, Germany Dr. Florian Kerber \u2013 Faculty of Electrical Engineering, Technical University of Applied\u00a0Science Augsburg,\u00a0Augsburg, Bavaria, Germany Dr.-Ing.\u00a0Stefan Braunreuther \u2013 Faculty of Mechanical and Process Engineering, Technical University [&hellip;]<\/p>\n","protected":false},"author":1,"featured_media":0,"parent":0,"menu_order":0,"comment_status":"closed","ping_status":"closed","template":"","meta":[],"_links":{"self":[{"href":"https:\/\/ieomsociety.org\/germany2024\/wp-json\/wp\/v2\/pages\/26"}],"collection":[{"href":"https:\/\/ieomsociety.org\/germany2024\/wp-json\/wp\/v2\/pages"}],"about":[{"href":"https:\/\/ieomsociety.org\/germany2024\/wp-json\/wp\/v2\/types\/page"}],"author":[{"embeddable":true,"href":"https:\/\/ieomsociety.org\/germany2024\/wp-json\/wp\/v2\/users\/1"}],"replies":[{"embeddable":true,"href":"https:\/\/ieomsociety.org\/germany2024\/wp-json\/wp\/v2\/comments?post=26"}],"version-history":[{"count":147,"href":"https:\/\/ieomsociety.org\/germany2024\/wp-json\/wp\/v2\/pages\/26\/revisions"}],"predecessor-version":[{"id":2479,"href":"https:\/\/ieomsociety.org\/germany2024\/wp-json\/wp\/v2\/pages\/26\/revisions\/2479"}],"wp:attachment":[{"href":"https:\/\/ieomsociety.org\/germany2024\/wp-json\/wp\/v2\/media?parent=26"}],"curies":[{"name":"wp","href":"https:\/\/api.w.org\/{rel}","templated":true}]}}