{"id":26,"date":"2017-01-15T14:12:24","date_gmt":"2017-01-15T14:12:24","guid":{"rendered":"http:\/\/ieomsociety.org\/ieom2018\/?page_id=26"},"modified":"2024-08-30T03:38:44","modified_gmt":"2024-08-30T03:38:44","slug":"committee","status":"publish","type":"page","link":"https:\/\/ieomsociety.org\/tokyo2024\/committee\/","title":{"rendered":"Committee"},"content":{"rendered":"<h1 style=\"text-align: center;\"><strong><span style=\"color: #993300;\">Conference Committee<\/span><\/strong><\/h1>\n<hr \/>\n<h3><span style=\"color: #ff6600;\"><strong>Conference Chairs<\/strong><\/span><\/h3>\n<ul>\n<li>Dr. Hiroyuki Goto<strong>,\u00a0<\/strong>Full Professor in the Faculty of Industrial and Systems Engineering at Hosei University, Japa<strong>n<\/strong>\u00a0\u2013 Chairman<\/li>\n<li>Dr. Ahad Ali, Associate Professor and Director of Industrial Engineering Program at Lawrence Technological University and Executive Director of IEOM Society<\/li>\n<li>Dr. Qingfeng Liu, Full professor,\u00a0Faculty of Industrial and Systems Engineering at Hosei University, Japa<strong>n<\/strong><\/li>\n<li>Dr.\u00a0 Kenta Tsukuura, Assistant Professor,\u00a0Faculty of Industrial and Systems Engineering at Hosei University, Japa<strong>n<\/strong><\/li>\n<\/ul>\n<h3><span style=\"color: #ff6600;\"><strong>Conference Co-Chairs<\/strong><\/span><\/h3>\n<ul>\n<li>Dr. Wahyudi Sutopo, Universitas Sebelas Maret (UNS), Surakarta, Indonesia<\/li>\n<li>Dr. Abdul Talib Bon, Professor, Department of Production and Operations Management, Universiti Tun Hussein Onn Malaysia<\/li>\n<\/ul>\n<h3><span style=\"color: #ff6600;\"><strong>Program Chairs<\/strong><\/span><\/h3>\n<ul>\n<li>Professor Don Reimer, Chief Operating Officer, IEOM Society<\/li>\n<li>Dr. M.A.S. Kamal, Associate Professor, Graduate School of Science and Technology, Gunma University, Tenjincho,\u00a0 Kiryu, Japan<\/li>\n<\/ul>\n<hr \/>\n<p><strong>2025 IEOM Bali Team &#8211; 6th Asian Conference: Co Host and Co-Chairs<\/strong><\/p>\n<ul>\n<li>Dr. Putu Ika Wahyuni, Department Master of Infrastructure and Environmental Engineering, Warmadewa University (UNWAR), Denpasar, Bali, Indonesia<\/li>\n<li>Dr. Muhammad Ikhsan Setiawan, Vice Rector, Narotama University, Surabaya, Indonesia<\/li>\n<li>Dr. Hendro Sasongko, Ak., MM., CA, Dean, Faculty of Economics and Business, Universitas Pakuan, Bogor Indonesia<strong style=\"font-size: revert; color: initial;\">\u00a0<\/strong><\/li>\n<\/ul>\n<hr \/>\n<p><strong>Program Committee<\/strong><\/p>\n<ul>\n<li>Aung Myo Lwin, Yangon Technological University, Myanmar<\/li>\n<li>Chea Eliyan, Royal University of Phnom Penh, Cambodia<\/li>\n<li>Duong Do Tung, University of Science and Technology of Hanoi, Vietnam<\/li>\n<li>Dwi Agustina Kurniawati, UIN Sunan Kalijaga, Indonesia<\/li>\n<li>Edly F. Ramly, Certification Director for EFR Certification, Malaysia<\/li>\n<li>Faridh Ahmad Zaharuddin (Expert in Welding Processes), Faculty of Mechanical Engineering, Universiti Teknologi Malaysia, Johor, Malaysia<\/li>\n<li>Faridh Ahmad Zaharuddin, Universiti Teknologi Malaysia<\/li>\n<li>Felix C. Veroya, Lean Six Sigma Master Black Belt, Manila, Philippines<\/li>\n<li>Fitra Lestari, Vice Dean for Academic Affairs in Faculty of Science and Technology and Professor in Industrial Engineering Department, Universitas Islam Negeri Sultan Syarif Kasim Riau, Riau, Indonesia<\/li>\n<li>Ho Viet Tien, CFVG, University of Economics Ho Chi Minh City, Vietnam<\/li>\n<li>Jafri Mohd. Rohani, Universiti Teknologi Malaysia, Johor, Malaysia<\/li>\n<li>Janice J. Gumasing. Mapua University. Manila, Philippines<\/li>\n<li>Kenichi Funaki, Corporate Venturing Strategy, Hitachi Ltd., Tokyo, Japan<\/li>\n<li>Khaing Myat Thu, Technological University (Hmawbi), Myanmar<\/li>\n<li>Khidzir Zakaria, Universiti Teknologi Malaysia, Johor, Malaysia<\/li>\n<li>Khidzir Zakaria, Universiti Teknologi Malaysia<\/li>\n<li>Kinnaleth Vongchanh, Institute of Technology of Cambodia, Cambodia<\/li>\n<li>Korakanh Pasomsouk, National University of Laos, Sokpaluang Campus, Laos<\/li>\n<li>Lina Gozali, Universitas Tarumanagara, Indonesia<\/li>\n<li>Linh Duong, University of the West of England, UK<\/li>\n<li>Masoud Taghavi, Post-Doctoral Research Fellow, Process Systems and Safety Engineering Lab. (PSSE), Department of Intelligent Energy and Industry, Chung-Ang University (CAU), Seoul, South Korea and Head of Mechanical Engineering Department, Faculty of Noshahr, Technical and Vocational University (TVU), Iran<\/li>\n<li>Moe Moe Myint, Technological University (Mandalay), Myanmar<\/li>\n<li>Ngan Tuyet Truong, RMIT University, Vietnam<\/li>\n<li>Nguyen Thi Hang, Hanoi University of Science and Technology, Vietnam<\/li>\n<li>Pham Dang Khoi Nguyen, Univ of Science and Technology of Hanoi, Vietnam<\/li>\n<li>Pham Minh Vu, French-Vietnamese Center for Management Education (CFVG), HCMC, Vietnam<\/li>\n<li>Puthika Kou, Chiang Mai University, Cambodia<\/li>\n<li>Quang Pham Ngoc, International University \u2013 Vietnam National University HCM City, Vietnam<\/li>\n<li>Quang Thai Lam, University of Transport and Communications, Vietnam<\/li>\n<li>Quoc Huynh, International University, Vietnam<\/li>\n<li>Su Nandar Hlaing, Yangon Technological University, Myanmar<\/li>\n<li>Thanh-Lam Nguyen Lac Hong University, Vietnam<\/li>\n<li>Thi Huynh Anh Le, Faculty of Project Management, The University of Danang, University of Science and Technology, Vietnam<\/li>\n<li>Thi Kim Loan Nguyen, University Medical Center, Vietnam<\/li>\n<li>Thiri Kyaw, Technological University (Mandalay), Myanmar<\/li>\n<li>Thu Tu Ngo Dan, UEH-International School of Business, Vietnam<\/li>\n<li>T\u1eeb V\u0103n B\u00ecnh, CFVG, University of Economics Ho Chi Minh City, Vietnam<\/li>\n<li>Vikas Kumar, Birmingham City University, UK<\/li>\n<li>Wahyudi Sutopo, Universitas Sebelas Maret, Surakarta, Indonesia<\/li>\n<li><\/li>\n<\/ul>\n<p><strong>Technical Committee<\/strong><\/p>\n<ul>\n<li>A.K.M. Nazrul Islam, Tokyo Metropolitan University, Hino, Japan<\/li>\n<li>Abdullah Nayeem, Laval University, Quebec, Canada<\/li>\n<li>Adel A. Alharthi, Saudi Broadcasting Corporation, Saudi Arabia<\/li>\n<li>Adetola Odebode, University of Arkansas, USA<\/li>\n<li>Ahm Shamsuzzoha, University of Vaasa, Finland<\/li>\n<li>Ahmed Afif Monrat. Lulea University of Technology, Sweden<\/li>\n<li>Ahmed Usman Yasir, Mechanical Engineering Department University of Engineering and Technology Taxila Punjab Pakistan<\/li>\n<li>Ahmet Ha\u015fim Arslan, Istanbul Technical University, Turkey<\/li>\n<li>Aika Kishigami, Keio University, Yokohama-shi, Japan<\/li>\n<li>Aki Matsushita, Hosei University, Koganei-shi, Japan<\/li>\n<li>Akihiko Takada, The University of Electro Communications, Chofu, Japan<\/li>\n<li>Akimasa Otsuka, Tokyo University of Science, Yamaguchi, Japan<\/li>\n<li>Akira Higashida, Meijo University, Nagoya, Japan<\/li>\n<li>Alaa Hassan, University of Lorraine, France<\/li>\n<li>Alejandra Ahumada, Universidad de Monterrey, Mexico<\/li>\n<li>Ali Gharbi, ETS Montreal, Canada<\/li>\n<li>AMM Sharif Ullah, Kitami Institute of Technology, Kitami, Japan<\/li>\n<li>Amna Javed, Japan Advanced Institute of Science &amp; Technology, Nomi, Japan<\/li>\n<li>AnDa Zhang, Kanagawa University, Yokohama-shi, Japan<\/li>\n<li>Anis Chelbi, University of Tunis, Tunisia<\/li>\n<li>Armand Baboli, INSA Lyon, France<\/li>\n<li>Arson Batilambu, Muhammadiyah University North Maluku. Indonesia<\/li>\n<li>Arun Kumar, RMIT University, Australia<\/li>\n<li>Asako KIMURA, Kansai University Suita-shi, Japan<\/li>\n<li>Atheer Alzahrani, Effat University, Saudi Arabia<\/li>\n<li>Aur\u00e9lie Charles, University of Lyon France, France<\/li>\n<li>Aurora Alforte, University of the Philippines<\/li>\n<li>Ayeley Tchangani, Institut National Polytechnique de Toulouse \u2013 Ecole Nationale d\u2019Ing\u00e9nieurs de Tarbes, France<\/li>\n<li>Azzah Alshmarani, Effat University, Saudi Arabia<\/li>\n<li>Bahareh Moarefi Zanjani Asl, Islamic Azad University, Tehran, iran<\/li>\n<li>Balkrishna Narkhede, National Institute of Industrial Engineering, India<\/li>\n<li>Banu Ozkeser, KOLUMAN Industry Automotive, Turkey<\/li>\n<li>Banu Ekren, Yasar University, Dept. of Industrial Engineering, Izmir, Turkey<\/li>\n<li>Bassetto Samuel, Ecole Polytechnique, Canada<\/li>\n<li>Bernard Grabot, Ecole Nationale d\u2019Ing\u00e9nieurs de Tarbes, France<\/li>\n<li>Bhaskar Bhandarkar, Indian Institution of Industrial Engineering, Mumbai, India<\/li>\n<li>Bhaskar Gardas, Veermata Jijabai Technological Institute, India<\/li>\n<li>Billy Sagara, Sophia University, Tokyo, Japan<\/li>\n<li>Bingwen Yan, Cape Peninsula University of Technology, South Africa<\/li>\n<li>Carman Lee, Hong Kong Polytechnic University, Hong Kong<\/li>\n<li>Cedrick Beler, Institut National Polytechnique de Toulouse \u2013 Ecole Nationale d\u2019Ing\u00e9nieurs de Tarbes, France<\/li>\n<li>Chandan Kumar Jha, SOIL School of Business Design, India<\/li>\n<li>Charris Elyn Solano, Universidad de La Sabana, Colombia<\/li>\n<li>Chawis \u00a0Boonmee, Muroran Institute of Technology, Hokkaido, Japan<\/li>\n<li>Chihiro Sato, Tohoku University, Sendai, Japan<\/li>\n<li>Christine Di Martinelly, IESEG School of Management, France<\/li>\n<li>Corinthias P.M. Sianipar, Kyoto University, Kyoto, Japan<\/li>\n<li>Daiki Okamura, Toho System Science Co. Ltd., Japan<\/li>\n<li>Danping Lin, Shanghai Maritime University, China<\/li>\n<li>Daouda Kamissoko, IMT Mines Albi, France<\/li>\n<li>Davar Pishva, Ritsumeikan Asia Pacific University (APU), Beppu, Japan<\/li>\n<li>Dellagi Sofiene, University of Lorraine, France<\/li>\n<li>Dwi Agustina Kurniawati, Universitas Islam Negeri Sunan Kalijaga, Indonesia<\/li>\n<li>Eishi Chiba, Hosei University, Koganei-shi, Japan<\/li>\n<li>Eldon Caldwell, University of Costa Rica<\/li>\n<li>Elise Gruhier, University of Bordeaux France, France<\/li>\n<li>Elmar Kutsch, Cranfield University, UK<\/li>\n<li>Emmanuel Hyon, Sorbonne Universit\u00e9 \u2013 LIP6, France<\/li>\n<li>Enyinnaya\u00a0 Onuma, Auburn University, USA<\/li>\n<li>Eric Bonjour, ENSGSI \u2013 University of Lorraine, France<\/li>\n<li>Eric Villeneuve, Ecole Sup\u00e9rieure des Tech Industrielles Avanc\u00e9es, France<\/li>\n<li>Esma Yahia, Arts et M\u00e9tiers ParisTech, France<\/li>\n<li>Etsuko Nishimura, Kobe University, Kobe, Japan<\/li>\n<li>Fabian Behrendt, Magdeburg-Stendal University of Applied Science, Germany<\/li>\n<li>F\u00e1bio Alexandrini, Catarinense Federal Institute of Education, Science and Technology, Rio do Sul, Santa Catarina, Brazil<\/li>\n<li>F\u00e1bio Coelho, CEG-IST, University of Lisbon, Portugal<\/li>\n<li>Farzaneh Daneshzand, University of Waterloo, Canada<\/li>\n<li>Francisco Balbastre, Universidad De Valencia, Spain<\/li>\n<li>Fumikazu Hoyano, Tokyo University of Science, Nagareyama, Japan<\/li>\n<li>Gabriella Pauline Djojosaputro, Singapore Management University, Singapore<\/li>\n<li>Hajime Yokoyama, Hosei University, Koganei, Japan<\/li>\n<li>Hammou Khaled Hadj, Institut National des Sci Appliqu\u00e9es de Lyon, France<\/li>\n<li>Hanadi Al-mashjary, KAU, Saudi Arabia<\/li>\n<li>Hasan Akpolat, University of Technology Sydney Australia<\/li>\n<li>Hayato Miura, Gunma University, Kiryu, Japan<\/li>\n<li>Hideki Aoyama, Keio University, Hiyoshi, Japan<\/li>\n<li>Hideki Katagiri, Kanagawa University, Faculty of Engineering, Department of Industrial Engineering and Management, Yokohama, Japan<\/li>\n<li>Hirohisa Hirai, Kanagawa University, Yokohama, Japan<\/li>\n<li>Hiromasa Ijuin, Tokyo University of Science, Noda-shi, Japan<\/li>\n<li>Hiroshi Yamashita, Meiji University, Tokyo, Japan<\/li>\n<li>Hirotaka Aoki, Tokyo Institute of Technology, Meguro-ku, Japan<\/li>\n<li>Hiroto Yamazaki, Hosei University, Koganei, Japan<\/li>\n<li>Hisham Abdelfattah, American International University, Kuwait<\/li>\n<li>Hitosh Takeda, Bunkyo University, Chigasaki, Japan<\/li>\n<li>Holman Bolivar, Universidad Cat\u00f3lica de Colombia<\/li>\n<li>Huda Khawaja, UAEU, UAE<\/li>\n<li>Ihab El-sayed, Taibah University, Saudi Arabia<\/li>\n<li>Indira Priyadarshini, Vidya Jyothi Institute of Technology, India<\/li>\n<li>J\u00e9r\u00e9mie Schutz, University of Lorraine, France<\/li>\n<li>Jiali Du, Fukushima University, Fukushima, Japan<\/li>\n<li>Jihong Yan, Harbin Institute of Technology, China<\/li>\n<li>Jory Alsabhani, Effat University, Saudi Arabia<\/li>\n<li>Jun Hamaguchi, Tohto University, Chiba, Japan<\/li>\n<li>Jun Hamaguchi, Tohto University, Japan<\/li>\n<li>Junichi KISHIGAMI, Muroran Institute of Technology, Muroran, Japan<\/li>\n<li>Junqiang Wang, Northwestern Polytechnic University, China<\/li>\n<li>J\u00fcrgen Lenz, Technical University of Applied Sciences Augsburg, Germany<\/li>\n<li>Kah Hin Chai, National University of Singapore, Singapore<\/li>\n<li>Kaito Hoshi, Hitachi Solutions East Japan, Ltd., Sendai, Japan<\/li>\n<li>Kana Okada, Kobe University, Kobe, Japan<\/li>\n<li>Kano Arai,\u00a0 Hosei University, Koganei-shi, Japan<\/li>\n<li>Kaoru Ema, Keio University, Yokohama, Japan<\/li>\n<li>Katsuhiko Kokubu, Kobe University, Kobe, Japan<\/li>\n<li>Katsuki Aoki, Meiji University, Tokyo, Japan<\/li>\n<li>Kawanaka Takaaki, The University of Tokyo, Tokyo, Japan<\/li>\n<li>Kazi Arif-Uz-Zaman, KUET, Bangladesh<\/li>\n<li>Kazuaki Yamagata, Hitachi ICC Co. Ibaraki, Japan, Hitachi-shi, Japan<\/li>\n<li>Kenta Nakakura, Gunma University, Kiryu shi, Japan<\/li>\n<li>Kenta Tsukuura, Hosei University\u00a0 Koganei-shi, Japan<\/li>\n<li>Keven Nieto-Ramirez, California Polytechnic State University, USA<\/li>\n<li>Khidzir Zakaria, UTM, Malaysia<\/li>\n<li>Khurshid Khan, Vice Chancelor, Abdul Wali Khan University Mardan (AWKUM), Mardan, Khyber Pakhtunkhwa, Pakistan<\/li>\n<li>Kiyoshi Sawada, Univ of Marketing and Distribution Sciences, Kobe, Japan<\/li>\n<li>Ko Inoue, Hosei University, Tama, Japan<\/li>\n<li>Ko Yamada, Gunma University, Kiryu shi, Japan<\/li>\n<li>Kotomichi MATSUNO, Waseda University, Shinjuku-ku, Japan<\/li>\n<li>Kouyo Suzuki, Hosei University Graduate Schools, Koganei-shi, Japan<\/li>\n<li>Kudrat Kutlimuratov, Hiroshima University, Higashihiroshima, Japan<\/li>\n<li>Kyohei Sagawa, Nagaoka University of Technology, Nagaoka, Japan<\/li>\n<li>Lahcen Mifdal, Universiapolis Agadir, Morocco<\/li>\n<li>Laoucine Kerbache, HEC Paris, France<\/li>\n<li>Lars Hvam, Technical University of Denmark, Denmark<\/li>\n<li>Lars Hvam, Technical University of Denmark<\/li>\n<li>Laurent Geneste, Institut National Polytechnique de Toulouse \u2013 Ecole Nationale d\u2019Ing\u00e9nieurs de Tarbes, France<\/li>\n<li>Layung Prasetyanti, Tokyo University of Science, Noda-shi, Japan<\/li>\n<li>Lazhar Homri, Arts et M\u00e9tiers ParisTech, France<\/li>\n<li>Li Guoxin, Harbin Institute of Technology, China<\/li>\n<li>Luis Bravo S\u00e1nchez, Universidad Estatal Amaz\u00f3nica, Ecuador<\/li>\n<li>Magzhan Atykhan, Gunma University, Kkiryu shi, Japan<\/li>\n<li>Mahdi Bashiri, Shahed University, Tehran, Iran<\/li>\n<li>Mahmudul Hasan, Gunma University, Japan<\/li>\n<li>Maitha Alsuwaidi, University of Sharjah, UAE<\/li>\n<li>Makoto Murayama, The University of SHIMANE, Hamada-shi, Japan<\/li>\n<li>Malika Alaoui Mdaghri, Universit\u00e9 Sidi Mohamed Ben Abdellah, Morocco<\/li>\n<li>Marc Zolghadri, Ecole des Ing\u00e9nieurs en M\u00e9canique de Paris, France<\/li>\n<li>Masaatsu Takehara, Hosei University, Chiyoda, Japan<\/li>\n<li>Masako Takahashi, Keio University, Yokohama, Japan<\/li>\n<li>Masaru Tezuka, Hitachi Solutions East Japan, Ltd., Kawasaki city, Japan<\/li>\n<li>Masato OHKUBO, Toyo University, Bunkyo-ku, Japan<\/li>\n<li>Masaya Matsushita, Nagaoka University of Technology, Nagaoka, Japan<\/li>\n<li>Matilda B\u00f6rlin, University of Gothenburg, Sweden<\/li>\n<li>Maurice Pillet, Universit\u00e9 de Savoie Mont Blanc, France<\/li>\n<li>Md Delowar Hossain, Gunma University, Kiryu\u00a0\u00a0\u00a0\u00a0\u00a0\u00a0\u00a0\u00a0\u00a0\u00a0\u00a0\u00a0\u00a0\u00a0\u00a0\u00a0\u00a0\u00a0\u00a0 , Japan<\/li>\n<li>Mehrdad Mohammadi, IMT Atlantique, France<\/li>\n<li>Mellak Abderrahmane, Boumerdes University \u2013 Algeria<\/li>\n<li>Michel Aldanondo, Ecole des Mine d\u2019Albi, France<\/li>\n<li>Michi Nishihara, Osaka University, Toyonaka, Japan<\/li>\n<li>Mikio Komatsu, Keio University, Yokohama, Japan<\/li>\n<li>Mitsuaki Murata, Kyushu Sangyo University, Fukuoka, Japan<\/li>\n<li>Miwa Nakanishi, Keio University, Yokohama-shi, Japan<\/li>\n<li>Miyu Kotegawa, The University of Electro-Communications, Chofu, Japan<\/li>\n<li>Mohammad Abdullah Shaikh, Deakin University, Australia<\/li>\n<li>Mohammad Ali, Universiti Teknologi Brunei<\/li>\n<li>Mohammad Shamsuzzaman, University of Sharjah, UAE<\/li>\n<li>Mohammed Kaosar, Murdoch University, Australia<\/li>\n<li>Mohd Khairol Anuar bin Mohd Ariffin, University Putra Malaysia<\/li>\n<li>Mthetheleli\u00a0 Joseph Kwaso, University of Johannesburg, South Africa<\/li>\n<li>Muhammad Abi Sofian Abdul Halim, Universiti Malaysia Terengganu, Malaysia<\/li>\n<li>Muhammad Aiman Haziq Bin Azmi, Gunma University, Japan<\/li>\n<li>Muhammad Akbar, Sophia University, Ichikawa, Japan<\/li>\n<li>Naomi Miyadera, Hosei University Koganei-shi, Japan<\/li>\n<li>Nathalie Klement, Arts et M\u00e9tiers ParisTech, France<\/li>\n<li>Natsuki Sato, Kanagawa University, Higashineshi, Japan<\/li>\n<li>Natt Leelawat, Chulalongkorn University, Thailand<\/li>\n<li>Nayan Chakrabarty, University of Arkansas, USA<\/li>\n<li>Nidhal Regz, University of Lorraine, France<\/li>\n<li>Nirouz Abeidi, Benghazi University, Libya<\/li>\n<li>Nobumichi\u00a0 Watahiki, Nagaoka University of Technology, Japan<\/li>\n<li>Norbert Trautmann, University of Bern, Switzerland<\/li>\n<li>Nozomi Sato, Kinki University, Higachi-Osaka, Japan<\/li>\n<li>Nozomi Yoshimura, Salesian Polytechnic, Machida, Japan<\/li>\n<li>Nyiko Apathia Baloyi-Sindane, University of Johannesburg, South Africa<\/li>\n<li>Nyunho Jung, The University of Fukuchiyama\u00a0 Fukuchiyama, Japan<\/li>\n<li>Oluwayemisis Abisuga-Oyekunle, Cental Univ of Technology, South Africa<\/li>\n<li>Omar \u00a0Alnemer, University of Sharjah, UAE<\/li>\n<li>Otsuka Taiki, Hosei University, Koganeishi Kajinotyo, Japan<\/li>\n<li>Patricia Alcantara Cardoso, Universidade Federal do Esp\u00edrito Santo, Brazil<\/li>\n<li>Peter Jacobsen, Technical University of Denmark, Denmark<\/li>\n<li>Petri Helo, University of Vaasa, Finland<\/li>\n<li>Philipp Baumann, University of Bern, Switzerland<\/li>\n<li>Qingfeng Liu, Hosei University, Koganei, Japan<\/li>\n<li>Raden Dafi Dinansyah Wiradimadja, Mie University, Mie, Japan<\/li>\n<li>Rakesh Raut, National Institute of Industrial Engineering, India<\/li>\n<li>Ramon Imaizumi, Kanagawa University, Yokohama, Japan<\/li>\n<li>Ramzi Hammami, ESC Rennes School of Business, France<\/li>\n<li>Reo Nakamura, Gunma University, Kiryu, Japan<\/li>\n<li>Richard Lackes, TU Dortmund, Germany<\/li>\n<li>Robert Boute, KU Leuven, Belgium<\/li>\n<li>Rogelio Emmanuel Jauregui Miramontes, University of Toronto, Canada<\/li>\n<li>Rumi Tobita, Ashikaga University, Ashikaga, Japan<\/li>\n<li>Ryo Saito, Hosei University, Koganei-si, Japan<\/li>\n<li>Ryoma Kato, Hosei University, Koganei, Japan<\/li>\n<li>Saddam Hussain, Kyushu Institute of Technology, Kitakyushu, Japan<\/li>\n<li>Samir Lamouri, ENSAM Arts et M\u00e9tiers ParisTech, France<\/li>\n<li>Sara Shafiee, Technical University of Denmark, Denmark<\/li>\n<li>Satoshi Ohsato, Keio University, Yokohama, Japan<\/li>\n<li>Seddik Bri, ESTM, Moulay Ismail University, Meknes \u2013 Morocco<\/li>\n<li>Seiichiro Suzuki, Hosei Univ., Koganei, Japan<\/li>\n<li>Seiko Taki, Chiba Institute of Technology, Narashino, Japan<\/li>\n<li>Shekar Babu, AMRITA University, Bangalore, India<\/li>\n<li>Shigeru Fujimura, Waseda University, Kitakyushyu, Japan<\/li>\n<li>Shin Isojima, Hosei University, Koganei-shi, Japan<\/li>\n<li>Shinji Iizuka, Hitachi Solutions East Japan, Ltd., Sendai, Japan<\/li>\n<li>Shintaro Urabe, Hitachi Solutions East Japan, Ltd., Sendai, Japan<\/li>\n<li>Shoichi Kaneko, Yamanashi Gakuin University, Kofu city,\u00a0 Japan<\/li>\n<li>Shunsuke Hayashi, Hosei University, Koganei, Japan<\/li>\n<li>Shuntaro Yamazaki, Kanagawa University, Yokohama-si, Japan<\/li>\n<li>Simon Cookson, J. F. Oberlin University, Machida-shi, Japan<\/li>\n<li>Siti Kursiah Kamalia Abdul Latib, Universiti Tun Hussein Onn Malaysia<\/li>\n<li>Sohra Ariga, Hosei University, Koganei-shi, Japan<\/li>\n<li>Sumit Kumar Gupta, Parishkar College of Global Excellence, Jaipur, India<\/li>\n<li>Sunhee Kwon, Meiji University Gradeuate School, Chiyoda-ku, Japan<\/li>\n<li>Syntia Amelia, Universitas Padjadjaran, Indonesia<\/li>\n<li>Syuhei kurokawa, Kyushu university, Fukuoka Japan<\/li>\n<li>Taesu Cheong, Korea University, South Korea<\/li>\n<li>Taiki Otsuka, Tsukuba-gakuin University, Tsukuba, Japan<\/li>\n<li>Takaaki Kawanaka, The University of Tokyo, Tokyo, Japan<\/li>\n<li>Takafumi CHIDA, R&amp;D Group, Hitachi Ltd., Yokohama, Japan<\/li>\n<li>Takafumi Kawasaki, Hitachi, Ltd. Tokyo, Japan<\/li>\n<li>Takahashi\u00a0 Michihata,\u00a0\u00a0 The University of Tokyo, Tokyo, Japan<\/li>\n<li>Takahiro Ohno, Waseda University, Tokyo, Japan<\/li>\n<li>Takaki Hayashi, Keio University, Yokohama\u00a0\u00a0\u00a0\u00a0 Japan<\/li>\n<li>Takashi Tanizaki, Kindai University, Higashi-Hiroshima, Japan<\/li>\n<li>Takaya Yoshida, Grid co., Minato-ku, Japan<\/li>\n<li>Titin Herawati, Universitas Padjadjaran, Indonesia<\/li>\n<li>Turki Sadok, University of Lorraine, France<\/li>\n<li>Van-Nam Huynh, Japan Advanced Institute of Science and Technology<\/li>\n<li>Vastag Gyula, Sz\u00e9chenyi Istv\u00e1n University, Hungary<\/li>\n<li>Verni Yuliaty Ismail, University of Pakuan, Indonesia<\/li>\n<li>Waleed Ahmed, UAE University, UAE<\/li>\n<li>Walter Abarza, Universidad de Santiago de Chile<\/li>\n<li>Xavier Brusset, SKEMA Business School, France<\/li>\n<li>Yacob Khojasteh, Sophia University, Tokyo, Japan<\/li>\n<li>Yakcleem Montero Santos, Univesidad T\u00e9cnica del Norte, Ecuador<\/li>\n<li>Yanwen Dong, Fukushima University, Fukushima, Japan<\/li>\n<li>Yaqiong Lv Chrity, Wuhan University of Technology, China<\/li>\n<li>Yasushi Sumitani, Nagaoka University of Technology, Nagaoka, Japan<\/li>\n<li>Yazg\u0131 T\u00fct\u00fcnc\u00fc, Izmir University of Economics, Turkey<\/li>\n<li>Yeti Mulyati, Universitas Pendidikan Indonesia, Bandung, Indonesia<\/li>\n<li>Yingyu LI, Waseda University, Shinjuku, Japan<\/li>\n<li>Yong Wu, Griffith University, Australia<\/li>\n<li>Youji Kohda, Japan Advanced Institute of Science and Technology, Japan<\/li>\n<li>Young Jae Jang, Korea Adv Institute of Science and Technology, South Korea<\/li>\n<li>Yue Wang, Hang Seng, Management College, Hong Kong<\/li>\n<li>Yugowati Praharsi, Shipbuilding Institute of Polytechnic Surabaya, Indonesia<\/li>\n<li>Yuki Takeda, Hosei University, Koganei-shi, Japan<\/li>\n<li><\/li>\n<\/ul>\n","protected":false},"excerpt":{"rendered":"<p>Conference Committee Conference Chairs Dr. Hiroyuki Goto,\u00a0Full Professor in the Faculty of Industrial and Systems Engineering at Hosei University, Japan\u00a0\u2013 Chairman Dr. Ahad Ali, Associate Professor and Director of Industrial Engineering Program at Lawrence Technological University and Executive Director of IEOM Society Dr. Qingfeng Liu, Full professor,\u00a0Faculty of Industrial and Systems Engineering at Hosei University, [&hellip;]<\/p>\n","protected":false},"author":1,"featured_media":0,"parent":0,"menu_order":0,"comment_status":"closed","ping_status":"closed","template":"","meta":[],"_links":{"self":[{"href":"https:\/\/ieomsociety.org\/tokyo2024\/wp-json\/wp\/v2\/pages\/26"}],"collection":[{"href":"https:\/\/ieomsociety.org\/tokyo2024\/wp-json\/wp\/v2\/pages"}],"about":[{"href":"https:\/\/ieomsociety.org\/tokyo2024\/wp-json\/wp\/v2\/types\/page"}],"author":[{"embeddable":true,"href":"https:\/\/ieomsociety.org\/tokyo2024\/wp-json\/wp\/v2\/users\/1"}],"replies":[{"embeddable":true,"href":"https:\/\/ieomsociety.org\/tokyo2024\/wp-json\/wp\/v2\/comments?post=26"}],"version-history":[{"count":144,"href":"https:\/\/ieomsociety.org\/tokyo2024\/wp-json\/wp\/v2\/pages\/26\/revisions"}],"predecessor-version":[{"id":2430,"href":"https:\/\/ieomsociety.org\/tokyo2024\/wp-json\/wp\/v2\/pages\/26\/revisions\/2430"}],"wp:attachment":[{"href":"https:\/\/ieomsociety.org\/tokyo2024\/wp-json\/wp\/v2\/media?parent=26"}],"curies":[{"name":"wp","href":"https:\/\/api.w.org\/{rel}","templated":true}]}}